{"id":15,"date":"2024-01-16T21:20:01","date_gmt":"2024-01-16T20:20:01","guid":{"rendered":"http:\/\/fumoir-angoulins.fr\/?page_id=15"},"modified":"2026-03-30T16:40:50","modified_gmt":"2026-03-30T14:40:50","slug":"bistrot","status":"publish","type":"page","link":"https:\/\/fumoir-angoulins.fr\/index.php\/page-d-exemple\/bistrot\/","title":{"rendered":"Bistro"},"content":{"rendered":"\n<div class=\"wp-block-group ona-container is-layout-flow wp-block-group-is-layout-flow\" style=\"padding-top:100px;padding-bottom:20px\">\n<h2 class=\"wp-block-heading has-text-align-center is-style-ona-alt-font\" id=\"my-art\">Le fait-maison n&rsquo;est pas une signature, juste un fait.<\/h2>\n\n\n\n<h3 class=\"wp-block-heading has-text-align-center has-medium-font-size\" id=\"check-my-latest-photos\">Notre cuisine<\/h3>\n\n\n\n<p>Le poisson fum\u00e9 est un point de d\u00e9part qui permet toutes les directions de cuisine : traditionnelle fran\u00e7aise, indienne, scandinave, asiatique.. Toutes les inspirations sont possibles<\/p>\n\n\n\n<figure class=\"wp-block-gallery has-nested-images columns-5 is-cropped wp-block-gallery-1 is-layout-flex wp-block-gallery-is-layout-flex\">\n<figure class=\"wp-block-image size-large\"><img loading=\"lazy\" decoding=\"async\" width=\"768\" height=\"1024\" data-id=\"581\" src=\"http:\/\/fumoir-angoulins.fr\/wp-content\/uploads\/2024\/01\/IMG_6405-768x1024.jpeg\" alt=\"\" class=\"wp-image-581\" srcset=\"https:\/\/fumoir-angoulins.fr\/wp-content\/uploads\/2024\/01\/IMG_6405-768x1024.jpeg 768w, https:\/\/fumoir-angoulins.fr\/wp-content\/uploads\/2024\/01\/IMG_6405-225x300.jpeg 225w, https:\/\/fumoir-angoulins.fr\/wp-content\/uploads\/2024\/01\/IMG_6405-1152x1536.jpeg 1152w, https:\/\/fumoir-angoulins.fr\/wp-content\/uploads\/2024\/01\/IMG_6405-1536x2048.jpeg 1536w, https:\/\/fumoir-angoulins.fr\/wp-content\/uploads\/2024\/01\/IMG_6405-1170x1560.jpeg 1170w, https:\/\/fumoir-angoulins.fr\/wp-content\/uploads\/2024\/01\/IMG_6405-1320x1760.jpeg 1320w, https:\/\/fumoir-angoulins.fr\/wp-content\/uploads\/2024\/01\/IMG_6405-600x800.jpeg 600w, https:\/\/fumoir-angoulins.fr\/wp-content\/uploads\/2024\/01\/IMG_6405-scaled.jpeg 1920w\" sizes=\"auto, (max-width: 768px) 100vw, 768px\" \/><\/figure>\n\n\n\n<figure class=\"wp-block-image size-large\"><img loading=\"lazy\" decoding=\"async\" width=\"768\" height=\"1024\" data-id=\"583\" src=\"http:\/\/fumoir-angoulins.fr\/wp-content\/uploads\/2024\/01\/IMG_6406-768x1024.jpeg\" alt=\"\" class=\"wp-image-583\" srcset=\"https:\/\/fumoir-angoulins.fr\/wp-content\/uploads\/2024\/01\/IMG_6406-768x1024.jpeg 768w, https:\/\/fumoir-angoulins.fr\/wp-content\/uploads\/2024\/01\/IMG_6406-225x300.jpeg 225w, https:\/\/fumoir-angoulins.fr\/wp-content\/uploads\/2024\/01\/IMG_6406-1152x1536.jpeg 1152w, https:\/\/fumoir-angoulins.fr\/wp-content\/uploads\/2024\/01\/IMG_6406-1536x2048.jpeg 1536w, https:\/\/fumoir-angoulins.fr\/wp-content\/uploads\/2024\/01\/IMG_6406-1170x1560.jpeg 1170w, https:\/\/fumoir-angoulins.fr\/wp-content\/uploads\/2024\/01\/IMG_6406-1320x1760.jpeg 1320w, https:\/\/fumoir-angoulins.fr\/wp-content\/uploads\/2024\/01\/IMG_6406-600x800.jpeg 600w, https:\/\/fumoir-angoulins.fr\/wp-content\/uploads\/2024\/01\/IMG_6406-scaled.jpeg 1920w\" sizes=\"auto, (max-width: 768px) 100vw, 768px\" \/><\/figure>\n\n\n\n<figure class=\"wp-block-image size-large\"><img loading=\"lazy\" decoding=\"async\" width=\"768\" height=\"1024\" data-id=\"579\" src=\"http:\/\/fumoir-angoulins.fr\/wp-content\/uploads\/2024\/01\/IMG_6926-768x1024.jpeg\" alt=\"\" class=\"wp-image-579\" srcset=\"https:\/\/fumoir-angoulins.fr\/wp-content\/uploads\/2024\/01\/IMG_6926-768x1024.jpeg 768w, https:\/\/fumoir-angoulins.fr\/wp-content\/uploads\/2024\/01\/IMG_6926-225x300.jpeg 225w, https:\/\/fumoir-angoulins.fr\/wp-content\/uploads\/2024\/01\/IMG_6926-1152x1536.jpeg 1152w, https:\/\/fumoir-angoulins.fr\/wp-content\/uploads\/2024\/01\/IMG_6926-1536x2048.jpeg 1536w, https:\/\/fumoir-angoulins.fr\/wp-content\/uploads\/2024\/01\/IMG_6926-1170x1560.jpeg 1170w, https:\/\/fumoir-angoulins.fr\/wp-content\/uploads\/2024\/01\/IMG_6926-1320x1760.jpeg 1320w, https:\/\/fumoir-angoulins.fr\/wp-content\/uploads\/2024\/01\/IMG_6926-600x800.jpeg 600w, https:\/\/fumoir-angoulins.fr\/wp-content\/uploads\/2024\/01\/IMG_6926-scaled.jpeg 1920w\" sizes=\"auto, (max-width: 768px) 100vw, 768px\" \/><\/figure>\n\n\n\n<figure class=\"wp-block-image size-large\"><img loading=\"lazy\" decoding=\"async\" width=\"768\" height=\"1024\" data-id=\"580\" src=\"http:\/\/fumoir-angoulins.fr\/wp-content\/uploads\/2024\/01\/IMG_6844-768x1024.jpeg\" alt=\"\" class=\"wp-image-580\" srcset=\"https:\/\/fumoir-angoulins.fr\/wp-content\/uploads\/2024\/01\/IMG_6844-768x1024.jpeg 768w, https:\/\/fumoir-angoulins.fr\/wp-content\/uploads\/2024\/01\/IMG_6844-225x300.jpeg 225w, https:\/\/fumoir-angoulins.fr\/wp-content\/uploads\/2024\/01\/IMG_6844-1152x1536.jpeg 1152w, https:\/\/fumoir-angoulins.fr\/wp-content\/uploads\/2024\/01\/IMG_6844-1536x2048.jpeg 1536w, https:\/\/fumoir-angoulins.fr\/wp-content\/uploads\/2024\/01\/IMG_6844-1170x1560.jpeg 1170w, https:\/\/fumoir-angoulins.fr\/wp-content\/uploads\/2024\/01\/IMG_6844-1320x1760.jpeg 1320w, https:\/\/fumoir-angoulins.fr\/wp-content\/uploads\/2024\/01\/IMG_6844-600x800.jpeg 600w, https:\/\/fumoir-angoulins.fr\/wp-content\/uploads\/2024\/01\/IMG_6844-scaled.jpeg 1920w\" sizes=\"auto, (max-width: 768px) 100vw, 768px\" \/><\/figure>\n\n\n\n<figure class=\"wp-block-image size-large\"><img loading=\"lazy\" decoding=\"async\" width=\"768\" height=\"1024\" data-id=\"566\" src=\"http:\/\/fumoir-angoulins.fr\/wp-content\/uploads\/2024\/01\/IMG_5934-768x1024.jpeg\" alt=\"\" class=\"wp-image-566\" srcset=\"https:\/\/fumoir-angoulins.fr\/wp-content\/uploads\/2024\/01\/IMG_5934-768x1024.jpeg 768w, https:\/\/fumoir-angoulins.fr\/wp-content\/uploads\/2024\/01\/IMG_5934-225x300.jpeg 225w, https:\/\/fumoir-angoulins.fr\/wp-content\/uploads\/2024\/01\/IMG_5934-1152x1536.jpeg 1152w, https:\/\/fumoir-angoulins.fr\/wp-content\/uploads\/2024\/01\/IMG_5934-1536x2048.jpeg 1536w, https:\/\/fumoir-angoulins.fr\/wp-content\/uploads\/2024\/01\/IMG_5934-1170x1560.jpeg 1170w, https:\/\/fumoir-angoulins.fr\/wp-content\/uploads\/2024\/01\/IMG_5934-1320x1760.jpeg 1320w, https:\/\/fumoir-angoulins.fr\/wp-content\/uploads\/2024\/01\/IMG_5934-600x800.jpeg 600w, https:\/\/fumoir-angoulins.fr\/wp-content\/uploads\/2024\/01\/IMG_5934-scaled.jpeg 1920w\" sizes=\"auto, (max-width: 768px) 100vw, 768px\" \/><\/figure>\n<\/figure>\n<\/div>\n\n\n\n<div class=\"wp-block-group has-background-light-background-color has-background is-layout-constrained wp-container-core-group-is-layout-ed30c500 wp-block-group-is-layout-constrained\" style=\"padding-top:100px;padding-bottom:100px\">\n<div class=\"wp-block-columns is-layout-flex wp-container-core-columns-is-layout-04fa3f86 wp-block-columns-is-layout-flex\">\n<div class=\"wp-block-column is-layout-flow wp-block-column-is-layout-flow\">\n<h2 class=\"wp-block-heading has-medium-large-font-size\" id=\"discover-my-latest-video\">D\u00e9couvrez la carte du jour<\/h2>\n\n\n\n<p>Cuisine de l&rsquo;instant, la carte \u00e9volue chaque jour en fonction des produits disponibles<\/p>\n\n\n\n<div class=\"wp-block-buttons is-layout-flex wp-block-buttons-is-layout-flex\">\n<div class=\"wp-block-button\"><a class=\"wp-block-button__link has-text-align-center wp-element-button\" href=\"https:\/\/fumoir-angoulins.fr\/index.php\/category\/menu\/\">Voir les derniers posts de notre carte sur notre blog<\/a><\/div>\n<\/div>\n<\/div>\n<\/div>\n<\/div>\n\n\n\n<div class=\"wp-block-group has-background-light-background-color has-background is-layout-constrained wp-container-core-group-is-layout-ed30c500 wp-block-group-is-layout-constrained\" style=\"padding-top:100px;padding-bottom:100px\">\n<div class=\"wp-block-columns is-layout-flex wp-container-core-columns-is-layout-04fa3f86 wp-block-columns-is-layout-flex\">\n<div class=\"wp-block-column is-layout-flow wp-block-column-is-layout-flow\">\n<h2 class=\"wp-block-heading has-medium-large-font-size\" id=\"discover-my-latest-video\">Traiteur<br>fresh sea-food<\/h2>\n\n\n\n<p>Nous choisir pour vos r\u00e9ceptions, repas ou buffets, complet ou ap\u00e9ritif, c&rsquo;est proposer de la cuisine fra\u00eeche et locale, avec le soucis d&rsquo;un impact environnemental minimum et d&rsquo;une qualit\u00e9 sans pareille<\/p>\n<\/div>\n\n\n\n<div class=\"wp-block-column is-layout-flow wp-block-column-is-layout-flow\">\n<figure class=\"wp-block-embed is-type-video is-provider-youtube wp-block-embed-youtube wp-embed-aspect-16-9 wp-has-aspect-ratio\"><div class=\"wp-block-embed__wrapper\">\nhttps:\/\/youtube.com\/shorts\/hLeRdZnHMJA?si=S0kLlh96dC1wHFw1\n<\/div><\/figure>\n<\/div>\n<\/div>\n\n\n\n<figure class=\"wp-block-gallery has-nested-images columns-default is-cropped wp-block-gallery-2 is-layout-flex wp-block-gallery-is-layout-flex\">\n<figure class=\"wp-block-image size-large\"><img loading=\"lazy\" decoding=\"async\" width=\"1024\" height=\"1024\" data-id=\"587\" src=\"http:\/\/fumoir-angoulins.fr\/wp-content\/uploads\/2024\/01\/C711317F-1186-49FA-A952-52BA9BACF9A7-1024x1024.jpeg\" alt=\"\" class=\"wp-image-587\" srcset=\"https:\/\/fumoir-angoulins.fr\/wp-content\/uploads\/2024\/01\/C711317F-1186-49FA-A952-52BA9BACF9A7-1024x1024.jpeg 1024w, https:\/\/fumoir-angoulins.fr\/wp-content\/uploads\/2024\/01\/C711317F-1186-49FA-A952-52BA9BACF9A7-300x300.jpeg 300w, https:\/\/fumoir-angoulins.fr\/wp-content\/uploads\/2024\/01\/C711317F-1186-49FA-A952-52BA9BACF9A7-150x150.jpeg 150w, https:\/\/fumoir-angoulins.fr\/wp-content\/uploads\/2024\/01\/C711317F-1186-49FA-A952-52BA9BACF9A7-768x768.jpeg 768w, https:\/\/fumoir-angoulins.fr\/wp-content\/uploads\/2024\/01\/C711317F-1186-49FA-A952-52BA9BACF9A7-600x600.jpeg 600w, https:\/\/fumoir-angoulins.fr\/wp-content\/uploads\/2024\/01\/C711317F-1186-49FA-A952-52BA9BACF9A7-100x100.jpeg 100w, https:\/\/fumoir-angoulins.fr\/wp-content\/uploads\/2024\/01\/C711317F-1186-49FA-A952-52BA9BACF9A7.jpeg 1080w\" sizes=\"auto, (max-width: 1024px) 100vw, 1024px\" \/><\/figure>\n\n\n\n<figure class=\"wp-block-image size-large\"><img loading=\"lazy\" decoding=\"async\" width=\"768\" height=\"1024\" data-id=\"440\" src=\"http:\/\/fumoir-angoulins.fr\/wp-content\/uploads\/2024\/01\/IMG_3617-768x1024.jpg\" alt=\"\" class=\"wp-image-440\" srcset=\"https:\/\/fumoir-angoulins.fr\/wp-content\/uploads\/2024\/01\/IMG_3617-768x1024.jpg 768w, https:\/\/fumoir-angoulins.fr\/wp-content\/uploads\/2024\/01\/IMG_3617-scaled-600x800.jpg 600w, https:\/\/fumoir-angoulins.fr\/wp-content\/uploads\/2024\/01\/IMG_3617-225x300.jpg 225w, https:\/\/fumoir-angoulins.fr\/wp-content\/uploads\/2024\/01\/IMG_3617-1152x1536.jpg 1152w, https:\/\/fumoir-angoulins.fr\/wp-content\/uploads\/2024\/01\/IMG_3617-1536x2048.jpg 1536w, https:\/\/fumoir-angoulins.fr\/wp-content\/uploads\/2024\/01\/IMG_3617-1170x1560.jpg 1170w, https:\/\/fumoir-angoulins.fr\/wp-content\/uploads\/2024\/01\/IMG_3617-scaled.jpg 1920w\" sizes=\"auto, (max-width: 768px) 100vw, 768px\" \/><\/figure>\n\n\n\n<figure class=\"wp-block-image size-large\"><img loading=\"lazy\" decoding=\"async\" width=\"768\" height=\"1024\" data-id=\"431\" src=\"http:\/\/fumoir-angoulins.fr\/wp-content\/uploads\/2024\/01\/IMG_6675-768x1024.jpg\" alt=\"\" class=\"wp-image-431\" srcset=\"https:\/\/fumoir-angoulins.fr\/wp-content\/uploads\/2024\/01\/IMG_6675-768x1024.jpg 768w, https:\/\/fumoir-angoulins.fr\/wp-content\/uploads\/2024\/01\/IMG_6675-scaled-600x800.jpg 600w, https:\/\/fumoir-angoulins.fr\/wp-content\/uploads\/2024\/01\/IMG_6675-225x300.jpg 225w, https:\/\/fumoir-angoulins.fr\/wp-content\/uploads\/2024\/01\/IMG_6675-1152x1536.jpg 1152w, https:\/\/fumoir-angoulins.fr\/wp-content\/uploads\/2024\/01\/IMG_6675-1536x2048.jpg 1536w, https:\/\/fumoir-angoulins.fr\/wp-content\/uploads\/2024\/01\/IMG_6675-1170x1560.jpg 1170w, https:\/\/fumoir-angoulins.fr\/wp-content\/uploads\/2024\/01\/IMG_6675-scaled.jpg 1920w\" sizes=\"auto, (max-width: 768px) 100vw, 768px\" \/><\/figure>\n<\/figure>\n\n\n\n<div class=\"wp-block-group is-layout-constrained wp-block-group-is-layout-constrained\">\n<figure class=\"wp-block-gallery has-nested-images columns-5 is-cropped wp-block-gallery-3 is-layout-flex wp-block-gallery-is-layout-flex\">\n<figure class=\"wp-block-image size-large\"><img loading=\"lazy\" decoding=\"async\" width=\"1024\" height=\"1024\" data-id=\"563\" src=\"http:\/\/fumoir-angoulins.fr\/wp-content\/uploads\/2024\/01\/DD991EA6-06A8-4DAC-888E-EBAB31E62B57-1024x1024.jpeg\" alt=\"\" class=\"wp-image-563\" srcset=\"https:\/\/fumoir-angoulins.fr\/wp-content\/uploads\/2024\/01\/DD991EA6-06A8-4DAC-888E-EBAB31E62B57-1024x1024.jpeg 1024w, https:\/\/fumoir-angoulins.fr\/wp-content\/uploads\/2024\/01\/DD991EA6-06A8-4DAC-888E-EBAB31E62B57-300x300.jpeg 300w, https:\/\/fumoir-angoulins.fr\/wp-content\/uploads\/2024\/01\/DD991EA6-06A8-4DAC-888E-EBAB31E62B57-150x150.jpeg 150w, https:\/\/fumoir-angoulins.fr\/wp-content\/uploads\/2024\/01\/DD991EA6-06A8-4DAC-888E-EBAB31E62B57-768x768.jpeg 768w, https:\/\/fumoir-angoulins.fr\/wp-content\/uploads\/2024\/01\/DD991EA6-06A8-4DAC-888E-EBAB31E62B57-600x600.jpeg 600w, https:\/\/fumoir-angoulins.fr\/wp-content\/uploads\/2024\/01\/DD991EA6-06A8-4DAC-888E-EBAB31E62B57-100x100.jpeg 100w, https:\/\/fumoir-angoulins.fr\/wp-content\/uploads\/2024\/01\/DD991EA6-06A8-4DAC-888E-EBAB31E62B57.jpeg 1080w\" sizes=\"auto, (max-width: 1024px) 100vw, 1024px\" \/><\/figure>\n\n\n\n<figure class=\"wp-block-image size-large\"><img loading=\"lazy\" decoding=\"async\" width=\"819\" height=\"1024\" data-id=\"561\" src=\"http:\/\/fumoir-angoulins.fr\/wp-content\/uploads\/2024\/01\/page0-3-819x1024.jpeg\" alt=\"\" class=\"wp-image-561\" srcset=\"https:\/\/fumoir-angoulins.fr\/wp-content\/uploads\/2024\/01\/page0-3-819x1024.jpeg 819w, https:\/\/fumoir-angoulins.fr\/wp-content\/uploads\/2024\/01\/page0-3-240x300.jpeg 240w, https:\/\/fumoir-angoulins.fr\/wp-content\/uploads\/2024\/01\/page0-3-768x960.jpeg 768w, https:\/\/fumoir-angoulins.fr\/wp-content\/uploads\/2024\/01\/page0-3-600x750.jpeg 600w, https:\/\/fumoir-angoulins.fr\/wp-content\/uploads\/2024\/01\/page0-3.jpeg 1080w\" sizes=\"auto, (max-width: 819px) 100vw, 819px\" \/><\/figure>\n\n\n\n<figure class=\"wp-block-image size-large\"><img loading=\"lazy\" decoding=\"async\" width=\"819\" height=\"1024\" data-id=\"564\" src=\"http:\/\/fumoir-angoulins.fr\/wp-content\/uploads\/2024\/01\/page0-4-819x1024.jpeg\" alt=\"\" class=\"wp-image-564\" srcset=\"https:\/\/fumoir-angoulins.fr\/wp-content\/uploads\/2024\/01\/page0-4-819x1024.jpeg 819w, https:\/\/fumoir-angoulins.fr\/wp-content\/uploads\/2024\/01\/page0-4-240x300.jpeg 240w, https:\/\/fumoir-angoulins.fr\/wp-content\/uploads\/2024\/01\/page0-4-768x960.jpeg 768w, https:\/\/fumoir-angoulins.fr\/wp-content\/uploads\/2024\/01\/page0-4-600x750.jpeg 600w, https:\/\/fumoir-angoulins.fr\/wp-content\/uploads\/2024\/01\/page0-4.jpeg 1080w\" sizes=\"auto, (max-width: 819px) 100vw, 819px\" \/><\/figure>\n\n\n\n<figure class=\"wp-block-image size-large\"><img loading=\"lazy\" decoding=\"async\" width=\"1024\" height=\"1024\" data-id=\"565\" src=\"http:\/\/fumoir-angoulins.fr\/wp-content\/uploads\/2024\/01\/4641BF02-FF22-4BFA-822A-919CDA101E4C-1024x1024.jpeg\" alt=\"\" class=\"wp-image-565\" srcset=\"https:\/\/fumoir-angoulins.fr\/wp-content\/uploads\/2024\/01\/4641BF02-FF22-4BFA-822A-919CDA101E4C-1024x1024.jpeg 1024w, https:\/\/fumoir-angoulins.fr\/wp-content\/uploads\/2024\/01\/4641BF02-FF22-4BFA-822A-919CDA101E4C-300x300.jpeg 300w, https:\/\/fumoir-angoulins.fr\/wp-content\/uploads\/2024\/01\/4641BF02-FF22-4BFA-822A-919CDA101E4C-150x150.jpeg 150w, https:\/\/fumoir-angoulins.fr\/wp-content\/uploads\/2024\/01\/4641BF02-FF22-4BFA-822A-919CDA101E4C-768x768.jpeg 768w, https:\/\/fumoir-angoulins.fr\/wp-content\/uploads\/2024\/01\/4641BF02-FF22-4BFA-822A-919CDA101E4C-1170x1170.jpeg 1170w, https:\/\/fumoir-angoulins.fr\/wp-content\/uploads\/2024\/01\/4641BF02-FF22-4BFA-822A-919CDA101E4C-1320x1320.jpeg 1320w, https:\/\/fumoir-angoulins.fr\/wp-content\/uploads\/2024\/01\/4641BF02-FF22-4BFA-822A-919CDA101E4C-600x600.jpeg 600w, https:\/\/fumoir-angoulins.fr\/wp-content\/uploads\/2024\/01\/4641BF02-FF22-4BFA-822A-919CDA101E4C-100x100.jpeg 100w, https:\/\/fumoir-angoulins.fr\/wp-content\/uploads\/2024\/01\/4641BF02-FF22-4BFA-822A-919CDA101E4C.jpeg 1350w\" sizes=\"auto, (max-width: 1024px) 100vw, 1024px\" \/><\/figure>\n\n\n\n<figure class=\"wp-block-image size-large\"><img loading=\"lazy\" decoding=\"async\" width=\"1024\" height=\"1024\" data-id=\"594\" src=\"http:\/\/fumoir-angoulins.fr\/wp-content\/uploads\/2024\/01\/E0912E38-0179-423C-8A68-F5765FF6A7AB-1024x1024.jpeg\" alt=\"\" class=\"wp-image-594\" srcset=\"https:\/\/fumoir-angoulins.fr\/wp-content\/uploads\/2024\/01\/E0912E38-0179-423C-8A68-F5765FF6A7AB-1024x1024.jpeg 1024w, https:\/\/fumoir-angoulins.fr\/wp-content\/uploads\/2024\/01\/E0912E38-0179-423C-8A68-F5765FF6A7AB-300x300.jpeg 300w, https:\/\/fumoir-angoulins.fr\/wp-content\/uploads\/2024\/01\/E0912E38-0179-423C-8A68-F5765FF6A7AB-150x150.jpeg 150w, https:\/\/fumoir-angoulins.fr\/wp-content\/uploads\/2024\/01\/E0912E38-0179-423C-8A68-F5765FF6A7AB-768x768.jpeg 768w, https:\/\/fumoir-angoulins.fr\/wp-content\/uploads\/2024\/01\/E0912E38-0179-423C-8A68-F5765FF6A7AB-600x600.jpeg 600w, https:\/\/fumoir-angoulins.fr\/wp-content\/uploads\/2024\/01\/E0912E38-0179-423C-8A68-F5765FF6A7AB-100x100.jpeg 100w, https:\/\/fumoir-angoulins.fr\/wp-content\/uploads\/2024\/01\/E0912E38-0179-423C-8A68-F5765FF6A7AB.jpeg 1080w\" sizes=\"auto, (max-width: 1024px) 100vw, 1024px\" \/><\/figure>\n<\/figure>\n<\/div>\n<\/div>\n\n\n\n<hr class=\"wp-block-separator has-alpha-channel-opacity\"\/>\n\n\n\n<div class=\"wp-block-group ona-container is-style-no-spacing has-tertiary-background-color has-background is-layout-constrained wp-container-core-group-is-layout-ed30c500 wp-block-group-is-layout-constrained\" style=\"padding-top:100px;padding-bottom:100px\">\n<p class=\"has-text-align-center ona-text-letter-spacing has-foreground-color has-text-color has-tiny-font-size\">T\u00c9MOIGNAGES<\/p>\n\n\n\n<div class=\"wp-block-columns is-layout-flex wp-container-core-columns-is-layout-28f84493 wp-block-columns-is-layout-flex\">\n<div class=\"wp-block-column is-layout-flow wp-block-column-is-layout-flow\">\n<div class=\"wp-block-group has-background-background-color has-background is-layout-flow wp-block-group-is-layout-flow\" style=\"padding-top:3rem;padding-right:2.5rem;padding-bottom:2.5rem;padding-left:2.5rem\">\n<p class=\"is-style-no-spacing has-primary-color has-text-color has-x-large-font-size\" style=\"line-height:.5\">\u201d<\/p>\n\n\n\n<p class=\"has-headings-color has-text-color\"><em>Cadre simple et beau. Des saveurs pures et uniques. Nous avons appr\u00e9ci\u00e9s divers plats et un d\u00e9licieux vin nature. Tr\u00e8s bon service amical, \u00e9galement en anglais. Merci pour cette belle soir\u00e9e.<\/em><\/p>\n\n\n\n<h3 class=\"wp-block-heading\" id=\"xyrel-paterson\" style=\"font-size:0.9375rem\">\u2014 Steven V. H.<\/h3>\n<\/div>\n\n\n\n<div style=\"height:20px\" aria-hidden=\"true\" class=\"wp-block-spacer\"><\/div>\n<\/div>\n\n\n\n<div class=\"wp-block-column is-layout-flow wp-block-column-is-layout-flow\">\n<div class=\"wp-block-group has-background-background-color has-background is-layout-flow wp-block-group-is-layout-flow\" style=\"padding-top:3rem;padding-right:2.5rem;padding-bottom:2.5rem;padding-left:2.5rem\">\n<p class=\"is-style-no-spacing has-primary-color has-text-color has-x-large-font-size\" style=\"line-height:.5\">\u201d<\/p>\n\n\n\n<p class=\"has-headings-color has-text-color\"><em>Petite boutique insolite ouverte toute l&rsquo;ann\u00e9e. Accueil et service des plus agr\u00e9ables.<\/em> <em>Des produits vari\u00e9s et de grande qualit\u00e9, pas plus cher qu&rsquo;en supermarch\u00e9. <\/em><\/p>\n\n\n\n<h3 class=\"wp-block-heading\" id=\"xyrel-paterson\" style=\"font-size:0.9375rem\">\u2014 Patrick T.<\/h3>\n<\/div>\n\n\n\n<div style=\"height:20px\" aria-hidden=\"true\" class=\"wp-block-spacer\"><\/div>\n<\/div>\n\n\n\n<div class=\"wp-block-column is-layout-flow wp-block-column-is-layout-flow\">\n<div class=\"wp-block-group has-background-background-color has-background is-layout-flow wp-block-group-is-layout-flow\" style=\"padding-top:3rem;padding-right:2.5rem;padding-bottom:2.5rem;padding-left:2.5rem\">\n<p class=\"is-style-no-spacing has-primary-color has-text-color has-x-large-font-size\" style=\"line-height:.5\">\u201d<\/p>\n\n\n\n<p class=\"has-headings-color has-text-color\"><em>D\u00e9licieux et magique coucher de soleil. Atmosph\u00e8re d\u00e9contract\u00e9e et sympathique. Surtout ne manquez pas de r\u00e9server!<\/em><\/p>\n\n\n\n<h3 class=\"wp-block-heading\" id=\"xyrel-paterson\" style=\"font-size:0.9375rem\">\u2014 Fran\u00e7oise F.<\/h3>\n<\/div>\n\n\n\n<div style=\"height:20px\" aria-hidden=\"true\" class=\"wp-block-spacer\"><\/div>\n<\/div>\n<\/div>\n<\/div>\n","protected":false},"excerpt":{"rendered":"<p>Le fait-maison n&rsquo;est pas une signature, juste un fait. Notre cuisine Le poisson fum\u00e9 est un point de d\u00e9part qui permet toutes les directions de cuisine : traditionnelle fran\u00e7aise, indienne, scandinave, asiatique.. Toutes les inspirations sont possibles D\u00e9couvrez la carte du jour Cuisine de l&rsquo;instant, la carte \u00e9volue chaque jour en fonction des produits disponibles [&hellip;]<\/p>\n","protected":false},"author":1,"featured_media":592,"parent":2,"menu_order":0,"comment_status":"closed","ping_status":"closed","template":"","meta":{"advanced_seo_description":"","jetpack_seo_html_title":"","jetpack_seo_noindex":false,"footnotes":""},"class_list":["post-15","page","type-page","status-publish","has-post-thumbnail","hentry"],"jetpack_sharing_enabled":true,"_links":{"self":[{"href":"https:\/\/fumoir-angoulins.fr\/index.php\/wp-json\/wp\/v2\/pages\/15","targetHints":{"allow":["GET"]}}],"collection":[{"href":"https:\/\/fumoir-angoulins.fr\/index.php\/wp-json\/wp\/v2\/pages"}],"about":[{"href":"https:\/\/fumoir-angoulins.fr\/index.php\/wp-json\/wp\/v2\/types\/page"}],"author":[{"embeddable":true,"href":"https:\/\/fumoir-angoulins.fr\/index.php\/wp-json\/wp\/v2\/users\/1"}],"replies":[{"embeddable":true,"href":"https:\/\/fumoir-angoulins.fr\/index.php\/wp-json\/wp\/v2\/comments?post=15"}],"version-history":[{"count":19,"href":"https:\/\/fumoir-angoulins.fr\/index.php\/wp-json\/wp\/v2\/pages\/15\/revisions"}],"predecessor-version":[{"id":1685,"href":"https:\/\/fumoir-angoulins.fr\/index.php\/wp-json\/wp\/v2\/pages\/15\/revisions\/1685"}],"up":[{"embeddable":true,"href":"https:\/\/fumoir-angoulins.fr\/index.php\/wp-json\/wp\/v2\/pages\/2"}],"wp:featuredmedia":[{"embeddable":true,"href":"https:\/\/fumoir-angoulins.fr\/index.php\/wp-json\/wp\/v2\/media\/592"}],"wp:attachment":[{"href":"https:\/\/fumoir-angoulins.fr\/index.php\/wp-json\/wp\/v2\/media?parent=15"}],"curies":[{"name":"wp","href":"https:\/\/api.w.org\/{rel}","templated":true}]}}