{"id":455,"date":"2024-01-18T08:56:48","date_gmt":"2024-01-18T07:56:48","guid":{"rendered":"http:\/\/fumoir-angoulins.fr\/index.php\/panier\/"},"modified":"2025-11-25T15:12:48","modified_gmt":"2025-11-25T14:12:48","slug":"panier","status":"publish","type":"page","link":"https:\/\/fumoir-angoulins.fr\/index.php\/panier\/","title":{"rendered":"Panier"},"content":{"rendered":"\n<blockquote class=\"wp-block-quote is-layout-flow wp-block-quote-is-layout-flow\">\n<p class=\"has-text-align-center\">Notre eShop iod\u00e9 est une plateforme de commandes d\u00e9di\u00e9 aux f\u00eates de fin d&rsquo;ann\u00e9e.<\/p>\n\n\n\n<ul class=\"wp-block-list\">\n<li>Faites votre choix, composez votre panier.<\/li>\n\n\n\n<li>Renseignez bien vos coordonn\u00e9es et indiquez-nous l<strong>e jour du retrait de votre commande au Fumoir \u00e0 Angoulins<\/strong>.<\/li>\n\n\n\n<li>Pas de paiement en ligne, le r\u00e8glement se fera le jour du retrait.<\/li>\n\n\n\n<li>Les tarifs sont indicatifs, il sera ajust\u00e9 au poids\/prix exact.<\/li>\n<\/ul>\n<\/blockquote>\n\n\n\n<p class=\"has-text-align-center\"><em>Pas d&rsquo;exp\u00e9dition Chronofresh cette ann\u00e9e (les frais sont trop \u00e9lev\u00e9s)<\/em><\/p>\n\n\n\n<div data-block-name=\"woocommerce\/cart\" class=\"wp-block-woocommerce-cart alignwide is-loading\">\n<div data-block-name=\"woocommerce\/filled-cart-block\" class=\"wp-block-woocommerce-filled-cart-block\">\n<div data-block-name=\"woocommerce\/cart-items-block\" class=\"wp-block-woocommerce-cart-items-block\">\n<div data-block-name=\"woocommerce\/cart-line-items-block\" class=\"wp-block-woocommerce-cart-line-items-block\"><\/div>\n\n\n\n<div data-block-name=\"woocommerce\/cart-cross-sells-block\" class=\"wp-block-woocommerce-cart-cross-sells-block\">\n<h2 class=\"wp-block-heading has-large-font-size\">\u00c7a peut vous int\u00e9resser&#8230;<\/h2>\n\n\n\n<div data-block-name=\"woocommerce\/cart-cross-sells-products-block\" class=\"wp-block-woocommerce-cart-cross-sells-products-block\"><\/div>\n<\/div>\n<\/div>\n\n\n\n<div data-block-name=\"woocommerce\/cart-totals-block\" class=\"wp-block-woocommerce-cart-totals-block\">\n<div data-block-name=\"woocommerce\/cart-order-summary-block\" class=\"wp-block-woocommerce-cart-order-summary-block\">\n<div data-block-name=\"woocommerce\/cart-order-summary-heading-block\" data-content=\"Total panier\" class=\"wp-block-woocommerce-cart-order-summary-heading-block\"><\/div>\n\n\n\n<div data-block-name=\"woocommerce\/cart-order-summary-coupon-form-block\" class=\"wp-block-woocommerce-cart-order-summary-coupon-form-block\"><\/div>\n\n\n\n<div data-block-name=\"woocommerce\/cart-order-summary-totals-block\" class=\"wp-block-woocommerce-cart-order-summary-totals-block\">\n<div data-block-name=\"woocommerce\/cart-order-summary-subtotal-block\" class=\"wp-block-woocommerce-cart-order-summary-subtotal-block\"><\/div>\n\n\n\n<div data-block-name=\"woocommerce\/cart-order-summary-fee-block\" class=\"wp-block-woocommerce-cart-order-summary-fee-block\"><\/div>\n\n\n\n<div data-block-name=\"woocommerce\/cart-order-summary-discount-block\" class=\"wp-block-woocommerce-cart-order-summary-discount-block\"><\/div>\n\n\n\n<div data-block-name=\"woocommerce\/cart-order-summary-shipping-block\" class=\"wp-block-woocommerce-cart-order-summary-shipping-block\"><\/div>\n\n\n\n<div data-block-name=\"woocommerce\/cart-order-summary-taxes-block\" class=\"wp-block-woocommerce-cart-order-summary-taxes-block\"><\/div>\n<\/div>\n<\/div>\n\n\n\n<div data-block-name=\"woocommerce\/cart-express-payment-block\" class=\"wp-block-woocommerce-cart-express-payment-block\"><\/div>\n\n\n\n<div data-block-name=\"woocommerce\/proceed-to-checkout-block\" class=\"wp-block-woocommerce-proceed-to-checkout-block\"><\/div>\n\n\n\n<div data-block-name=\"woocommerce\/cart-accepted-payment-methods-block\" class=\"wp-block-woocommerce-cart-accepted-payment-methods-block\"><\/div>\n<\/div>\n<\/div>\n\n\n\n<div data-block-name=\"woocommerce\/empty-cart-block\" class=\"wp-block-woocommerce-empty-cart-block\">\n<h2 class=\"wp-block-heading has-text-align-center with-empty-cart-icon wc-block-cart__empty-cart__title\">Votre panier est actuellement vide&nbsp;!<\/h2>\n\n\n\n<hr class=\"wp-block-separator has-alpha-channel-opacity is-style-dots\"\/>\n\n\n\n<h2 class=\"wp-block-heading has-text-align-center\">Nouveau dans la boutique<\/h2>\n\n\n<div data-block-name=\"woocommerce\/product-new\" data-columns=\"4\" data-rows=\"1\" class=\"wc-block-grid wp-block-product-new wp-block-woocommerce-product-new wc-block-product-new has-4-columns\"><ul class=\"wc-block-grid__products\"><li class=\"wc-block-grid__product\">\n\t\t\t\t<a href=\"https:\/\/fumoir-angoulins.fr\/index.php\/produit\/algue-pioca\/\" class=\"wc-block-grid__product-link\">\n\t\t\t\t\t\n\t\t\t\t\t<div class=\"wc-block-grid__product-image\"><img loading=\"lazy\" decoding=\"async\" width=\"300\" height=\"300\" src=\"https:\/\/fumoir-angoulins.fr\/wp-content\/uploads\/2025\/11\/Chondrus_crispus2-300x300.png\" class=\"attachment-woocommerce_thumbnail size-woocommerce_thumbnail\" alt=\"Algue g\u00e9lifiante\" srcset=\"https:\/\/fumoir-angoulins.fr\/wp-content\/uploads\/2025\/11\/Chondrus_crispus2-300x300.png 300w, https:\/\/fumoir-angoulins.fr\/wp-content\/uploads\/2025\/11\/Chondrus_crispus2-150x150.png 150w, https:\/\/fumoir-angoulins.fr\/wp-content\/uploads\/2025\/11\/Chondrus_crispus2-100x100.png 100w\" sizes=\"auto, (max-width: 300px) 100vw, 300px\" \/><\/div>\n\t\t\t\t\t<div class=\"wc-block-grid__product-title\">Algue g\u00e9lifiante<\/div>\n\t\t\t\t<\/a>\n\t\t\t\t<div class=\"wc-block-grid__product-price price\"><span class=\"woocommerce-Price-amount amount\">4,80&nbsp;<span class=\"woocommerce-Price-currencySymbol\">&euro;<\/span><\/span><\/div>\n\t\t\t\t\n\t\t\t\t<div class=\"wp-block-button wc-block-grid__product-add-to-cart\"><a href=\"\/index.php\/wp-json\/wp\/v2\/pages\/455?add-to-cart=1460\" aria-label=\"Ajouter au panier\u00a0: &ldquo;Algue g\u00e9lifiante&rdquo;\" data-quantity=\"1\" data-product_id=\"1460\" data-product_sku=\"\" data-price=\"4.8\" rel=\"nofollow\" class=\"wp-block-button__link wp-element-button add_to_cart_button ajax_add_to_cart\">Ajouter au panier<\/a><\/div>\n\t\t\t<\/li><li class=\"wc-block-grid__product\">\n\t\t\t\t<a href=\"https:\/\/fumoir-angoulins.fr\/index.php\/produit\/tisane-algues\/\" class=\"wc-block-grid__product-link\">\n\t\t\t\t\t\n\t\t\t\t\t<div class=\"wc-block-grid__product-image\"><img loading=\"lazy\" decoding=\"async\" width=\"300\" height=\"300\" src=\"https:\/\/fumoir-angoulins.fr\/wp-content\/uploads\/2025\/11\/algue2-300x300.png\" class=\"attachment-woocommerce_thumbnail size-woocommerce_thumbnail\" alt=\"Tisane de de la mer\" srcset=\"https:\/\/fumoir-angoulins.fr\/wp-content\/uploads\/2025\/11\/algue2-300x300.png 300w, https:\/\/fumoir-angoulins.fr\/wp-content\/uploads\/2025\/11\/algue2-150x150.png 150w, https:\/\/fumoir-angoulins.fr\/wp-content\/uploads\/2025\/11\/algue2-100x100.png 100w\" sizes=\"auto, (max-width: 300px) 100vw, 300px\" \/><\/div>\n\t\t\t\t\t<div class=\"wc-block-grid__product-title\">Tisane de de la mer<\/div>\n\t\t\t\t<\/a>\n\t\t\t\t<div class=\"wc-block-grid__product-price price\"><span class=\"woocommerce-Price-amount amount\">7,20&nbsp;<span class=\"woocommerce-Price-currencySymbol\">&euro;<\/span><\/span><\/div>\n\t\t\t\t\n\t\t\t\t<div class=\"wp-block-button wc-block-grid__product-add-to-cart\"><a href=\"\/index.php\/wp-json\/wp\/v2\/pages\/455?add-to-cart=1457\" aria-label=\"Ajouter au panier\u00a0: &ldquo;Tisane de de la mer&rdquo;\" data-quantity=\"1\" data-product_id=\"1457\" data-product_sku=\"\" data-price=\"7.2\" rel=\"nofollow\" class=\"wp-block-button__link wp-element-button add_to_cart_button ajax_add_to_cart\">Ajouter au panier<\/a><\/div>\n\t\t\t<\/li><li class=\"wc-block-grid__product\">\n\t\t\t\t<a href=\"https:\/\/fumoir-angoulins.fr\/index.php\/produit\/laitue\/\" class=\"wc-block-grid__product-link\">\n\t\t\t\t\t\n\t\t\t\t\t<div class=\"wc-block-grid__product-image\"><img loading=\"lazy\" decoding=\"async\" width=\"300\" height=\"300\" src=\"https:\/\/fumoir-angoulins.fr\/wp-content\/uploads\/2025\/11\/1FA2D6FA-EE9B-4CD5-A426-F40324D1406C-300x300.jpeg\" class=\"attachment-woocommerce_thumbnail size-woocommerce_thumbnail\" alt=\"Laitue de mer\" srcset=\"https:\/\/fumoir-angoulins.fr\/wp-content\/uploads\/2025\/11\/1FA2D6FA-EE9B-4CD5-A426-F40324D1406C-300x300.jpeg 300w, https:\/\/fumoir-angoulins.fr\/wp-content\/uploads\/2025\/11\/1FA2D6FA-EE9B-4CD5-A426-F40324D1406C-1024x1024.jpeg 1024w, https:\/\/fumoir-angoulins.fr\/wp-content\/uploads\/2025\/11\/1FA2D6FA-EE9B-4CD5-A426-F40324D1406C-150x150.jpeg 150w, https:\/\/fumoir-angoulins.fr\/wp-content\/uploads\/2025\/11\/1FA2D6FA-EE9B-4CD5-A426-F40324D1406C-768x768.jpeg 768w, https:\/\/fumoir-angoulins.fr\/wp-content\/uploads\/2025\/11\/1FA2D6FA-EE9B-4CD5-A426-F40324D1406C-600x600.jpeg 600w, https:\/\/fumoir-angoulins.fr\/wp-content\/uploads\/2025\/11\/1FA2D6FA-EE9B-4CD5-A426-F40324D1406C-100x100.jpeg 100w, https:\/\/fumoir-angoulins.fr\/wp-content\/uploads\/2025\/11\/1FA2D6FA-EE9B-4CD5-A426-F40324D1406C.jpeg 1080w\" sizes=\"auto, (max-width: 300px) 100vw, 300px\" \/><\/div>\n\t\t\t\t\t<div class=\"wc-block-grid__product-title\">Laitue de mer<\/div>\n\t\t\t\t<\/a>\n\t\t\t\t<div class=\"wc-block-grid__product-price price\"><span class=\"woocommerce-Price-amount amount\">5,20&nbsp;<span class=\"woocommerce-Price-currencySymbol\">&euro;<\/span><\/span><\/div>\n\t\t\t\t\n\t\t\t\t<div class=\"wp-block-button wc-block-grid__product-add-to-cart\"><a href=\"\/index.php\/wp-json\/wp\/v2\/pages\/455?add-to-cart=1455\" aria-label=\"Ajouter au panier\u00a0: &ldquo;Laitue de mer&rdquo;\" data-quantity=\"1\" data-product_id=\"1455\" data-product_sku=\"\" data-price=\"5.2\" rel=\"nofollow\" class=\"wp-block-button__link wp-element-button add_to_cart_button ajax_add_to_cart\">Ajouter au panier<\/a><\/div>\n\t\t\t<\/li><li class=\"wc-block-grid__product\">\n\t\t\t\t<a href=\"https:\/\/fumoir-angoulins.fr\/index.php\/produit\/dulse\/\" class=\"wc-block-grid__product-link\">\n\t\t\t\t\t\n\t\t\t\t\t<div class=\"wc-block-grid__product-image\"><img loading=\"lazy\" decoding=\"async\" width=\"300\" height=\"300\" src=\"https:\/\/fumoir-angoulins.fr\/wp-content\/uploads\/2025\/11\/2A7BB38E-8E71-47BD-9EC1-14C77B2B0095-300x300.jpeg\" class=\"attachment-woocommerce_thumbnail size-woocommerce_thumbnail\" alt=\"Dulse fraiche\" srcset=\"https:\/\/fumoir-angoulins.fr\/wp-content\/uploads\/2025\/11\/2A7BB38E-8E71-47BD-9EC1-14C77B2B0095-300x300.jpeg 300w, https:\/\/fumoir-angoulins.fr\/wp-content\/uploads\/2025\/11\/2A7BB38E-8E71-47BD-9EC1-14C77B2B0095-1024x1024.jpeg 1024w, https:\/\/fumoir-angoulins.fr\/wp-content\/uploads\/2025\/11\/2A7BB38E-8E71-47BD-9EC1-14C77B2B0095-150x150.jpeg 150w, https:\/\/fumoir-angoulins.fr\/wp-content\/uploads\/2025\/11\/2A7BB38E-8E71-47BD-9EC1-14C77B2B0095-768x768.jpeg 768w, https:\/\/fumoir-angoulins.fr\/wp-content\/uploads\/2025\/11\/2A7BB38E-8E71-47BD-9EC1-14C77B2B0095-1170x1170.jpeg 1170w, https:\/\/fumoir-angoulins.fr\/wp-content\/uploads\/2025\/11\/2A7BB38E-8E71-47BD-9EC1-14C77B2B0095-1320x1320.jpeg 1320w, https:\/\/fumoir-angoulins.fr\/wp-content\/uploads\/2025\/11\/2A7BB38E-8E71-47BD-9EC1-14C77B2B0095-600x600.jpeg 600w, https:\/\/fumoir-angoulins.fr\/wp-content\/uploads\/2025\/11\/2A7BB38E-8E71-47BD-9EC1-14C77B2B0095-100x100.jpeg 100w, https:\/\/fumoir-angoulins.fr\/wp-content\/uploads\/2025\/11\/2A7BB38E-8E71-47BD-9EC1-14C77B2B0095.jpeg 1350w\" sizes=\"auto, (max-width: 300px) 100vw, 300px\" \/><\/div>\n\t\t\t\t\t<div class=\"wc-block-grid__product-title\">Dulse fraiche<\/div>\n\t\t\t\t<\/a>\n\t\t\t\t<div class=\"wc-block-grid__product-price price\"><span class=\"woocommerce-Price-amount amount\">6,60&nbsp;<span class=\"woocommerce-Price-currencySymbol\">&euro;<\/span><\/span><\/div>\n\t\t\t\t\n\t\t\t\t<div class=\"wp-block-button wc-block-grid__product-add-to-cart\"><a href=\"\/index.php\/wp-json\/wp\/v2\/pages\/455?add-to-cart=1453\" aria-label=\"Ajouter au panier\u00a0: &ldquo;Dulse fraiche&rdquo;\" data-quantity=\"1\" data-product_id=\"1453\" data-product_sku=\"\" data-price=\"6.6\" rel=\"nofollow\" class=\"wp-block-button__link wp-element-button add_to_cart_button ajax_add_to_cart\">Ajouter au panier<\/a><\/div>\n\t\t\t<\/li><\/ul><\/div><\/div>\n<\/div>\n","protected":false},"excerpt":{"rendered":"<p>Pas d&rsquo;exp\u00e9dition Chronofresh cette ann\u00e9e (les frais sont trop \u00e9lev\u00e9s)<\/p>\n","protected":false},"author":1,"featured_media":0,"parent":0,"menu_order":0,"comment_status":"closed","ping_status":"closed","template":"","meta":{"advanced_seo_description":"","jetpack_seo_html_title":"","jetpack_seo_noindex":false,"footnotes":""},"class_list":["post-455","page","type-page","status-publish","hentry"],"jetpack_sharing_enabled":true,"_links":{"self":[{"href":"https:\/\/fumoir-angoulins.fr\/index.php\/wp-json\/wp\/v2\/pages\/455","targetHints":{"allow":["GET"]}}],"collection":[{"href":"https:\/\/fumoir-angoulins.fr\/index.php\/wp-json\/wp\/v2\/pages"}],"about":[{"href":"https:\/\/fumoir-angoulins.fr\/index.php\/wp-json\/wp\/v2\/types\/page"}],"author":[{"embeddable":true,"href":"https:\/\/fumoir-angoulins.fr\/index.php\/wp-json\/wp\/v2\/users\/1"}],"replies":[{"embeddable":true,"href":"https:\/\/fumoir-angoulins.fr\/index.php\/wp-json\/wp\/v2\/comments?post=455"}],"version-history":[{"count":2,"href":"https:\/\/fumoir-angoulins.fr\/index.php\/wp-json\/wp\/v2\/pages\/455\/revisions"}],"predecessor-version":[{"id":1429,"href":"https:\/\/fumoir-angoulins.fr\/index.php\/wp-json\/wp\/v2\/pages\/455\/revisions\/1429"}],"wp:attachment":[{"href":"https:\/\/fumoir-angoulins.fr\/index.php\/wp-json\/wp\/v2\/media?parent=455"}],"curies":[{"name":"wp","href":"https:\/\/api.w.org\/{rel}","templated":true}]}}