{"id":642,"date":"2024-02-21T11:50:45","date_gmt":"2024-02-21T10:50:45","guid":{"rendered":"https:\/\/fumoir-angoulins.fr\/?page_id=642"},"modified":"2026-03-30T16:03:07","modified_gmt":"2026-03-30T14:03:07","slug":"nos-horaires","status":"publish","type":"page","link":"https:\/\/fumoir-angoulins.fr\/index.php\/nos-horaires\/","title":{"rendered":"Nos horaires"},"content":{"rendered":"\n<blockquote class=\"wp-block-quote is-layout-flow wp-block-quote-is-layout-flow\">\n<p>Nos horaires suivent les saisons \ud83d\ude42<\/p>\n<\/blockquote>\n\n\n\n<div class=\"wp-block-group alignfull is-content-justification-center is-layout-constrained wp-container-core-group-is-layout-c7f866ca wp-block-group-is-layout-constrained\" style=\"margin-top:0;margin-bottom:0;padding-top:calc( 0.5 * var(--wp--style--root--padding-right, var(--wp--custom--gap--horizontal)));padding-right:var(--wp--style--root--padding-right, var(--wp--custom--gap--horizontal));padding-bottom:calc( 0.5 * var(--wp--style--root--padding-right, var(--wp--custom--gap--horizontal)));padding-left:var(--wp--style--root--padding-left, var(--wp--custom--gap--horizontal))\">\n<div style=\"height:calc( 0.25 * var(--wp--style--root--padding-right, var(--wp--custom--gap--horizontal)))\" aria-hidden=\"true\" class=\"wp-block-spacer\"><\/div>\n\n\n\n<div class=\"wp-block-columns alignfull is-layout-flex wp-container-core-columns-is-layout-7c9548a8 wp-block-columns-is-layout-flex\" style=\"padding-top:0;padding-right:0;padding-bottom:0;padding-left:0\">\n<div class=\"wp-block-column is-layout-flow wp-block-column-is-layout-flow\">\n<div class=\"wp-block-cover is-light\"><img loading=\"lazy\" decoding=\"async\" width=\"1024\" height=\"768\" class=\"wp-block-cover__image-background wp-image-1246 size-large\" alt=\"\" src=\"http:\/\/fumoir-angoulins.fr\/wp-content\/uploads\/2025\/04\/IMG_5635-1-1024x768.jpeg\" data-object-fit=\"cover\" srcset=\"https:\/\/fumoir-angoulins.fr\/wp-content\/uploads\/2025\/04\/IMG_5635-1-1024x768.jpeg 1024w, https:\/\/fumoir-angoulins.fr\/wp-content\/uploads\/2025\/04\/IMG_5635-1-300x225.jpeg 300w, https:\/\/fumoir-angoulins.fr\/wp-content\/uploads\/2025\/04\/IMG_5635-1-768x576.jpeg 768w, https:\/\/fumoir-angoulins.fr\/wp-content\/uploads\/2025\/04\/IMG_5635-1-1536x1152.jpeg 1536w, https:\/\/fumoir-angoulins.fr\/wp-content\/uploads\/2025\/04\/IMG_5635-1-2048x1536.jpeg 2048w, https:\/\/fumoir-angoulins.fr\/wp-content\/uploads\/2025\/04\/IMG_5635-1-1170x878.jpeg 1170w, https:\/\/fumoir-angoulins.fr\/wp-content\/uploads\/2025\/04\/IMG_5635-1-1320x990.jpeg 1320w, https:\/\/fumoir-angoulins.fr\/wp-content\/uploads\/2025\/04\/IMG_5635-1-600x450.jpeg 600w\" sizes=\"auto, (max-width: 1024px) 100vw, 1024px\" \/><span aria-hidden=\"true\" class=\"wp-block-cover__background has-background-dim-0 has-background-dim\" style=\"background-color:#FFF\"><\/span><div class=\"wp-block-cover__inner-container is-layout-flow wp-block-cover-is-layout-flow\">\n<p class=\"has-text-align-center has-large-font-size\"><\/p>\n<\/div><\/div>\n<\/div>\n\n\n\n<div class=\"wp-block-column is-vertically-aligned-center is-layout-constrained wp-container-core-column-is-layout-254f1302 wp-block-column-is-layout-constrained\" style=\"padding-top:0;padding-right:0;padding-bottom:0;padding-left:0\">\n<div class=\"wp-block-group alignfull is-layout-flow wp-block-group-is-layout-flow\" style=\"margin-top:var(--wp--preset--spacing--40);margin-bottom:var(--wp--preset--spacing--40);padding-top:0px;padding-right:60px;padding-bottom:0px;padding-left:60px\">\n<blockquote class=\"wp-block-quote is-layout-flow wp-block-quote-is-layout-flow\">\n<p class=\"has-text-align-left has-large-font-size\"><strong>bistro &amp; boutique<\/strong><\/p>\n<\/blockquote>\n\n\n\n<p style=\"margin-bottom:var(--wp--preset--spacing--40)\">Ce lieu de fabrication a une petite boutique d\u00e9di\u00e9e \u00e0 la vente directe de nos produits : poissons fum\u00e9s et algues.<\/p>\n\n\n\n<p>C&rsquo;est \u00e9galement un bistro o\u00f9 nous mettons dans l&rsquo;assiette nos produits mais pas seulement : une cuisine faite maison, cr\u00e9ative dont le fil rouge est le fum\u00e9 &amp; le v\u00e9g\u00e9 en profitant du cadre exceptionnel des marais<\/p>\n\n\n\n<div class=\"wp-block-buttons is-layout-flex wp-block-buttons-is-layout-flex\" style=\"margin-top:64px\">\n<div class=\"wp-block-button\"><a class=\"wp-block-button__link wp-element-button\" href=\"https:\/\/maps.app.goo.gl\/aV9BJWvqrg67psLw6\" target=\"_blank\" rel=\"noreferrer noopener\">Les horaires du Fumoir Marais du Chay<\/a><\/div>\n\n\n\n<div class=\"wp-block-button\"><a class=\"wp-block-button__link wp-element-button\" href=\"https:\/\/fumoir-angoulins.fr\/index.php\/category\/menu\">Les menus<\/a><\/div>\n<\/div>\n<\/div>\n<\/div>\n<\/div>\n\n\n\n<div class=\"wp-block-columns alignfull is-layout-flex wp-container-core-columns-is-layout-7c9548a8 wp-block-columns-is-layout-flex\" style=\"padding-top:0;padding-right:0;padding-bottom:0;padding-left:0\">\n<div class=\"wp-block-column is-vertically-aligned-center is-layout-flow wp-block-column-is-layout-flow\" style=\"padding-top:0;padding-right:0;padding-bottom:0;padding-left:0\">\n<div class=\"wp-block-group is-layout-constrained wp-container-core-group-is-layout-bd9266ff wp-block-group-is-layout-constrained\" style=\"padding-top:50px;padding-right:50px;padding-bottom:50px;padding-left:50px\">\n<div class=\"wp-block-group is-layout-flow wp-block-group-is-layout-flow\">\n<h5 class=\"wp-block-heading\" style=\"text-transform:capitalize\"><strong>\u00e0 La Rochelle<\/strong><\/h5>\n\n\n\n<p style=\"margin-top:25px;margin-right:0;margin-bottom:0;margin-left:0;padding-top:0;padding-right:0;padding-bottom:0;padding-left:0\">Les matins de 8h30 \u00e0 13h<br>sous la Halle, dans l\u2019all\u00e9e des poissonniers (au fond \u00e0 gauche)<\/p>\n\n\n\n<div class=\"wp-block-buttons is-layout-flex wp-block-buttons-is-layout-flex\">\n<div class=\"wp-block-button\"><a class=\"wp-block-button__link wp-element-button\" href=\"https:\/\/maps.app.goo.gl\/jTwf6EVDNf6sF5Zy6\" target=\"_blank\" rel=\"noreferrer noopener\">Les jours d&rsquo;ouverture du Fumoir au march\u00e9 de La Rochelle<\/a><\/div>\n<\/div>\n<\/div>\n\n\n\n<div class=\"wp-block-group is-layout-flow wp-block-group-is-layout-flow\">\n<h5 class=\"wp-block-heading\" style=\"text-transform:capitalize\"><strong>Vrac &amp; Foodies<\/strong><\/h5>\n\n\n\n<p style=\"margin-top:25px\">Dans ce nouveau point de vente, retrouvez tous nos produits comme \u00e0 la cabane, mais aussi \u00e0 la coupe! ainsi que des foodies maison <strong>pr\u00eat \u00e0 manger<\/strong><em> <\/em>comme nos makis (aux poissons fum\u00e9s et algues d&rsquo;Angoulins), smorrebr\u00f8d revisit\u00e9 maison ou encore ban-mie au maquereau fum\u00e9, tacos ou ceviche\u2026 selon inspiration du moment<\/p>\n<\/div>\n<\/div>\n<\/div>\n\n\n\n<div class=\"wp-block-column is-vertically-aligned-center is-layout-flow wp-block-column-is-layout-flow\">\n<div class=\"wp-block-cover is-light\"><img loading=\"lazy\" decoding=\"async\" width=\"768\" height=\"1024\" class=\"wp-block-cover__image-background wp-image-1356 size-large\" alt=\"\" src=\"http:\/\/fumoir-angoulins.fr\/wp-content\/uploads\/2025\/11\/IMG_0968-768x1024.jpg\" data-object-fit=\"cover\" srcset=\"https:\/\/fumoir-angoulins.fr\/wp-content\/uploads\/2025\/11\/IMG_0968-768x1024.jpg 768w, https:\/\/fumoir-angoulins.fr\/wp-content\/uploads\/2025\/11\/IMG_0968-225x300.jpg 225w, https:\/\/fumoir-angoulins.fr\/wp-content\/uploads\/2025\/11\/IMG_0968-1152x1536.jpg 1152w, https:\/\/fumoir-angoulins.fr\/wp-content\/uploads\/2025\/11\/IMG_0968-1536x2048.jpg 1536w, https:\/\/fumoir-angoulins.fr\/wp-content\/uploads\/2025\/11\/IMG_0968-1170x1560.jpg 1170w, https:\/\/fumoir-angoulins.fr\/wp-content\/uploads\/2025\/11\/IMG_0968-1320x1760.jpg 1320w, https:\/\/fumoir-angoulins.fr\/wp-content\/uploads\/2025\/11\/IMG_0968-600x800.jpg 600w, https:\/\/fumoir-angoulins.fr\/wp-content\/uploads\/2025\/11\/IMG_0968-scaled.jpg 1920w\" sizes=\"auto, (max-width: 768px) 100vw, 768px\" \/><span aria-hidden=\"true\" class=\"wp-block-cover__background has-background-dim-0 has-background-dim\" style=\"background-color:#FFF\"><\/span><div class=\"wp-block-cover__inner-container is-layout-flow wp-block-cover-is-layout-flow\">\n<p class=\"has-text-align-center has-large-font-size\"><\/p>\n<\/div><\/div>\n<\/div>\n<\/div>\n\n\n\n<div style=\"height:calc( 0.25 * var(--wp--style--root--padding-right, var(--wp--custom--gap--horizontal)))\" aria-hidden=\"true\" class=\"wp-block-spacer\"><\/div>\n<\/div>\n\n\n\n<p class=\"has-text-align-center\"><em>Pour tous renseignements compl\u00e9mentaires, contactez-nous par message au 06.52.22.55.62<\/em><\/p>\n\n\n\n<div class=\"wp-block-buttons alignfull is-content-justification-center is-layout-flex wp-container-core-buttons-is-layout-a89b3969 wp-block-buttons-is-layout-flex\">\n<div class=\"wp-block-button\"><a class=\"wp-block-button__link wp-element-button\" href=\"https:\/\/fumoir-angoulins.fr\/index.php\/category\/boutique\/\" rel=\"\">Nos fumaisons du moment<\/a><\/div>\n<\/div>\n\n\n\n<div class=\"wp-block-buttons is-content-justification-center is-layout-flex wp-container-core-buttons-is-layout-a89b3969 wp-block-buttons-is-layout-flex\">\n<div class=\"wp-block-button\"><a class=\"wp-block-button__link wp-element-button\" href=\"https:\/\/fumoir-angoulins.fr\/index.php\/category\/menu\" target=\"_blank\" rel=\"noreferrer noopener\">Les menus du bistro<\/a><\/div>\n<\/div>\n\n\n\n<figure class=\"wp-block-image size-large\"><img loading=\"lazy\" decoding=\"async\" width=\"1024\" height=\"1024\" src=\"https:\/\/fumoir-angoulins.fr\/wp-content\/uploads\/2025\/04\/6428eb2d-bba1-4621-b52a-cbc8454b12ba-1-1024x1024.jpg\" alt=\"\" class=\"wp-image-1234\" srcset=\"https:\/\/fumoir-angoulins.fr\/wp-content\/uploads\/2025\/04\/6428eb2d-bba1-4621-b52a-cbc8454b12ba-1-1024x1024.jpg 1024w, https:\/\/fumoir-angoulins.fr\/wp-content\/uploads\/2025\/04\/6428eb2d-bba1-4621-b52a-cbc8454b12ba-1-300x300.jpg 300w, https:\/\/fumoir-angoulins.fr\/wp-content\/uploads\/2025\/04\/6428eb2d-bba1-4621-b52a-cbc8454b12ba-1-150x150.jpg 150w, https:\/\/fumoir-angoulins.fr\/wp-content\/uploads\/2025\/04\/6428eb2d-bba1-4621-b52a-cbc8454b12ba-1-768x768.jpg 768w, https:\/\/fumoir-angoulins.fr\/wp-content\/uploads\/2025\/04\/6428eb2d-bba1-4621-b52a-cbc8454b12ba-1-1536x1536.jpg 1536w, https:\/\/fumoir-angoulins.fr\/wp-content\/uploads\/2025\/04\/6428eb2d-bba1-4621-b52a-cbc8454b12ba-1-1170x1170.jpg 1170w, https:\/\/fumoir-angoulins.fr\/wp-content\/uploads\/2025\/04\/6428eb2d-bba1-4621-b52a-cbc8454b12ba-1-1320x1320.jpg 1320w, https:\/\/fumoir-angoulins.fr\/wp-content\/uploads\/2025\/04\/6428eb2d-bba1-4621-b52a-cbc8454b12ba-1-600x600.jpg 600w, https:\/\/fumoir-angoulins.fr\/wp-content\/uploads\/2025\/04\/6428eb2d-bba1-4621-b52a-cbc8454b12ba-1-100x100.jpg 100w, https:\/\/fumoir-angoulins.fr\/wp-content\/uploads\/2025\/04\/6428eb2d-bba1-4621-b52a-cbc8454b12ba-1.jpg 2000w\" sizes=\"auto, (max-width: 1024px) 100vw, 1024px\" \/><\/figure>\n\n\n\n<p>Le Fumoir et ses \u00e9v\u00e9nements c&rsquo;est ici \ud83d\udc47<\/p>\n\n\n\n<div class=\"wp-block-buttons is-content-justification-center is-layout-flex wp-container-core-buttons-is-layout-a89b3969 wp-block-buttons-is-layout-flex\">\n<div class=\"wp-block-button\"><a class=\"wp-block-button__link has-text-align-center wp-element-button\" href=\"http:\/\/fumoir-angoulins.fr\/index.php\/notre-agenda\/\">Notre agenda<\/a><\/div>\n<\/div>\n","protected":false},"excerpt":{"rendered":"<p>Nos horaires suivent les saisons \ud83d\ude42 bistro &amp; boutique Ce lieu de fabrication a une petite boutique d\u00e9di\u00e9e \u00e0 la vente directe de nos produits : poissons fum\u00e9s et algues. C&rsquo;est \u00e9galement un bistro o\u00f9 nous mettons dans l&rsquo;assiette nos produits mais pas seulement : une cuisine faite maison, cr\u00e9ative dont le fil rouge est [&hellip;]<\/p>\n","protected":false},"author":1,"featured_media":0,"parent":0,"menu_order":0,"comment_status":"closed","ping_status":"closed","template":"","meta":{"advanced_seo_description":"","jetpack_seo_html_title":"","jetpack_seo_noindex":false,"footnotes":""},"class_list":["post-642","page","type-page","status-publish","hentry"],"jetpack_sharing_enabled":true,"_links":{"self":[{"href":"https:\/\/fumoir-angoulins.fr\/index.php\/wp-json\/wp\/v2\/pages\/642","targetHints":{"allow":["GET"]}}],"collection":[{"href":"https:\/\/fumoir-angoulins.fr\/index.php\/wp-json\/wp\/v2\/pages"}],"about":[{"href":"https:\/\/fumoir-angoulins.fr\/index.php\/wp-json\/wp\/v2\/types\/page"}],"author":[{"embeddable":true,"href":"https:\/\/fumoir-angoulins.fr\/index.php\/wp-json\/wp\/v2\/users\/1"}],"replies":[{"embeddable":true,"href":"https:\/\/fumoir-angoulins.fr\/index.php\/wp-json\/wp\/v2\/comments?post=642"}],"version-history":[{"count":56,"href":"https:\/\/fumoir-angoulins.fr\/index.php\/wp-json\/wp\/v2\/pages\/642\/revisions"}],"predecessor-version":[{"id":1673,"href":"https:\/\/fumoir-angoulins.fr\/index.php\/wp-json\/wp\/v2\/pages\/642\/revisions\/1673"}],"wp:attachment":[{"href":"https:\/\/fumoir-angoulins.fr\/index.php\/wp-json\/wp\/v2\/media?parent=642"}],"curies":[{"name":"wp","href":"https:\/\/api.w.org\/{rel}","templated":true}]}}