{"id":1012,"date":"2024-11-26T15:34:08","date_gmt":"2024-11-26T14:34:08","guid":{"rendered":"http:\/\/fumoir-angoulins.fr\/?post_type=product&#038;p=1012"},"modified":"2025-12-12T10:56:04","modified_gmt":"2025-12-12T09:56:04","slug":"mulet-noir-fume-tranches-2-3-2","status":"publish","type":"product","link":"https:\/\/fumoir-angoulins.fr\/index.php\/produit\/mulet-noir-fume-tranches-2-3-2\/","title":{"rendered":"Thon blanc fum\u00e9"},"content":{"rendered":"<p>Le thon germon peut s&rsquo;appeler \u00e9galement thon blanc est issu de p\u00eache locale. Il a une saveur douce et une texture particuli\u00e8rement fondante rehauss\u00e9e par une pointe de sel et de fum\u00e9.<\/p>\n<p>Il est pr\u00eat \u00e0 manger sans la peau, sans arr\u00eate.<\/p>\n<p>Il ira tr\u00e8s bien sur les planches ap\u00e9ro, les salades et les bouillons.\ufffc<\/p>\n<p>\ufffcPrix au kilo : 85\u20ac. DLC 18 jours.<\/p>\n<p>Conditionnement sous-vide de +\/- 150g. \u00c0 conserver entre 0 et 2\u00b0C<\/p>\n<p>Pr\u00e9par\u00e9 \u00e0 la main. \ufffc<\/p>\n","protected":false},"excerpt":{"rendered":"<p>Le thon germon peut s&rsquo;appeler \u00e9galement thon blanc est issu de p\u00eache locale. Il a une saveur douce et une texture particuli\u00e8rement fondante rehauss\u00e9e par une pointe de sel et de fum\u00e9. Il est pr\u00eat \u00e0 manger sans la peau, sans arr\u00eate. Il ira tr\u00e8s bien sur les planches ap\u00e9ro, les salades et les bouillons.\ufffc [&hellip;]<\/p>\n","protected":false},"featured_media":1015,"comment_status":"open","ping_status":"closed","template":"","meta":{"advanced_seo_description":"","jetpack_seo_html_title":"","jetpack_seo_noindex":false},"product_brand":[],"product_cat":[38],"product_tag":[],"class_list":{"0":"post-1012","1":"product","2":"type-product","3":"status-publish","4":"has-post-thumbnail","6":"product_cat-fumaison","8":"first","9":"instock","10":"taxable","11":"shipping-taxable","12":"purchasable","13":"product-type-variable"},"jetpack_sharing_enabled":true,"_links":{"self":[{"href":"https:\/\/fumoir-angoulins.fr\/index.php\/wp-json\/wp\/v2\/product\/1012","targetHints":{"allow":["GET"]}}],"collection":[{"href":"https:\/\/fumoir-angoulins.fr\/index.php\/wp-json\/wp\/v2\/product"}],"about":[{"href":"https:\/\/fumoir-angoulins.fr\/index.php\/wp-json\/wp\/v2\/types\/product"}],"replies":[{"embeddable":true,"href":"https:\/\/fumoir-angoulins.fr\/index.php\/wp-json\/wp\/v2\/comments?post=1012"}],"wp:featuredmedia":[{"embeddable":true,"href":"https:\/\/fumoir-angoulins.fr\/index.php\/wp-json\/wp\/v2\/media\/1015"}],"wp:attachment":[{"href":"https:\/\/fumoir-angoulins.fr\/index.php\/wp-json\/wp\/v2\/media?parent=1012"}],"wp:term":[{"taxonomy":"product_brand","embeddable":true,"href":"https:\/\/fumoir-angoulins.fr\/index.php\/wp-json\/wp\/v2\/product_brand?post=1012"},{"taxonomy":"product_cat","embeddable":true,"href":"https:\/\/fumoir-angoulins.fr\/index.php\/wp-json\/wp\/v2\/product_cat?post=1012"},{"taxonomy":"product_tag","embeddable":true,"href":"https:\/\/fumoir-angoulins.fr\/index.php\/wp-json\/wp\/v2\/product_tag?post=1012"}],"curies":[{"name":"wp","href":"https:\/\/api.w.org\/{rel}","templated":true}]}}