{"id":1445,"date":"2025-11-25T16:16:32","date_gmt":"2025-11-25T15:16:32","guid":{"rendered":"https:\/\/fumoir-angoulins.fr\/?post_type=product&#038;p=1445"},"modified":"2025-12-15T17:13:30","modified_gmt":"2025-12-15T16:13:30","slug":"ombrine-fume","status":"publish","type":"product","link":"https:\/\/fumoir-angoulins.fr\/index.php\/produit\/ombrine-fume\/","title":{"rendered":"Ombrine fum\u00e9e"},"content":{"rendered":"<p>Ce petit poisson commun de nos c\u00f4tes <em>(Umbrina cirrosa)<\/em> propose une chair est fine et savoureuse, <span class=\"vA9HTb MDvRSc\">un go\u00fbt proche du bar<\/span> !<\/p>\n<p>Elle a \u00e9t\u00e9 p\u00each\u00e9e \u00e0 la ligne.<\/p>\n<p>Elle est d\u00e9licatement fum\u00e9e, pr\u00e9par\u00e9e sans peau ni arr\u00eate et est assainie comme tous nos poissons issus de la p\u00eache (cong\u00e9lation flash pour tuer tous les parasites \u00e9ventuels).<\/p>\n<p>Prix au kilo : 75\u20ac. DLC 18 jours.<\/p>\n<p>Conditionnement sous-vide de +\/- 80g. \u00c0 conserver entre 0 et 2\u00b0C<\/p>\n<p>Pr\u00e9par\u00e9 en filet entier \u00e0 la main. \ufffc<\/p>\n","protected":false},"excerpt":{"rendered":"<p>Ce petit poisson commun de nos c\u00f4tes (Umbrina cirrosa) propose une chair est fine et savoureuse, un go\u00fbt proche du bar ! Elle a \u00e9t\u00e9 p\u00each\u00e9e \u00e0 la ligne. Elle est d\u00e9licatement fum\u00e9e, pr\u00e9par\u00e9e sans peau ni arr\u00eate et est assainie comme tous nos poissons issus de la p\u00eache (cong\u00e9lation flash pour tuer tous les [&hellip;]<\/p>\n","protected":false},"featured_media":1432,"comment_status":"open","ping_status":"closed","template":"","meta":{"advanced_seo_description":"","jetpack_seo_html_title":"","jetpack_seo_noindex":false},"product_brand":[],"product_cat":[38],"product_tag":[],"class_list":{"0":"post-1445","1":"product","2":"type-product","3":"status-publish","4":"has-post-thumbnail","6":"product_cat-fumaison","8":"first","9":"instock","10":"taxable","11":"shipping-taxable","12":"purchasable","13":"product-type-variable"},"jetpack_sharing_enabled":true,"_links":{"self":[{"href":"https:\/\/fumoir-angoulins.fr\/index.php\/wp-json\/wp\/v2\/product\/1445","targetHints":{"allow":["GET"]}}],"collection":[{"href":"https:\/\/fumoir-angoulins.fr\/index.php\/wp-json\/wp\/v2\/product"}],"about":[{"href":"https:\/\/fumoir-angoulins.fr\/index.php\/wp-json\/wp\/v2\/types\/product"}],"replies":[{"embeddable":true,"href":"https:\/\/fumoir-angoulins.fr\/index.php\/wp-json\/wp\/v2\/comments?post=1445"}],"wp:featuredmedia":[{"embeddable":true,"href":"https:\/\/fumoir-angoulins.fr\/index.php\/wp-json\/wp\/v2\/media\/1432"}],"wp:attachment":[{"href":"https:\/\/fumoir-angoulins.fr\/index.php\/wp-json\/wp\/v2\/media?parent=1445"}],"wp:term":[{"taxonomy":"product_brand","embeddable":true,"href":"https:\/\/fumoir-angoulins.fr\/index.php\/wp-json\/wp\/v2\/product_brand?post=1445"},{"taxonomy":"product_cat","embeddable":true,"href":"https:\/\/fumoir-angoulins.fr\/index.php\/wp-json\/wp\/v2\/product_cat?post=1445"},{"taxonomy":"product_tag","embeddable":true,"href":"https:\/\/fumoir-angoulins.fr\/index.php\/wp-json\/wp\/v2\/product_tag?post=1445"}],"curies":[{"name":"wp","href":"https:\/\/api.w.org\/{rel}","templated":true}]}}