{"id":1455,"date":"2025-11-25T17:07:48","date_gmt":"2025-11-25T16:07:48","guid":{"rendered":"https:\/\/fumoir-angoulins.fr\/?post_type=product&#038;p=1455"},"modified":"2025-11-25T17:12:31","modified_gmt":"2025-11-25T16:12:31","slug":"laitue","status":"publish","type":"product","link":"https:\/\/fumoir-angoulins.fr\/index.php\/produit\/laitue\/","title":{"rendered":"Laitue de mer"},"content":{"rendered":"<p>La laitue de mer a \u00e9t\u00e9 r\u00e9colt\u00e9e \u00e0 la Pointe du Chay, \u00e0 Angoulins. Elle a \u00e9t\u00e9 soigneusement pr\u00e9par\u00e9e et s\u00e8che. Elle est propos\u00e9e en sachet de 20g, les talles les plus enti\u00e8res possibles.<\/p>\n<p>La laitue a un go\u00fbt bien punchs, vert et astringent. On s&rsquo;en sert comme herbes aromatiques qui donne du pep&rsquo;s marin<\/p>\n<p>A conserver \u00e0 l&rsquo;abri de la chaleur et de la lumi\u00e8re.<\/p>\n<p><img loading=\"lazy\" decoding=\"async\" class=\"alignnone wp-image-1452\" src=\"http:\/\/fumoir-angoulins.fr\/wp-content\/uploads\/2025\/11\/ALGUES-POINTE-CHAY-LOGO-noir.png\" alt=\"\" width=\"277\" height=\"172\" srcset=\"https:\/\/fumoir-angoulins.fr\/wp-content\/uploads\/2025\/11\/ALGUES-POINTE-CHAY-LOGO-noir.png 541w, https:\/\/fumoir-angoulins.fr\/wp-content\/uploads\/2025\/11\/ALGUES-POINTE-CHAY-LOGO-noir-300x186.png 300w\" sizes=\"auto, (max-width: 277px) 100vw, 277px\" \/><\/p>\n","protected":false},"excerpt":{"rendered":"<p>La laitue de mer a \u00e9t\u00e9 r\u00e9colt\u00e9e \u00e0 la Pointe du Chay, \u00e0 Angoulins. Elle a \u00e9t\u00e9 soigneusement pr\u00e9par\u00e9e et s\u00e8che. Elle est propos\u00e9e en sachet de 20g, les talles les plus enti\u00e8res possibles. La laitue a un go\u00fbt bien punchs, vert et astringent. On s&rsquo;en sert comme herbes aromatiques qui donne du pep&rsquo;s marin [&hellip;]<\/p>\n","protected":false},"featured_media":1456,"comment_status":"open","ping_status":"closed","template":"","meta":{"advanced_seo_description":"","jetpack_seo_html_title":"","jetpack_seo_noindex":false},"product_brand":[],"product_cat":[37],"product_tag":[],"class_list":{"0":"post-1455","1":"product","2":"type-product","3":"status-publish","4":"has-post-thumbnail","6":"product_cat-algues","8":"first","9":"instock","10":"taxable","11":"shipping-taxable","12":"purchasable","13":"product-type-simple"},"jetpack_sharing_enabled":true,"_links":{"self":[{"href":"https:\/\/fumoir-angoulins.fr\/index.php\/wp-json\/wp\/v2\/product\/1455","targetHints":{"allow":["GET"]}}],"collection":[{"href":"https:\/\/fumoir-angoulins.fr\/index.php\/wp-json\/wp\/v2\/product"}],"about":[{"href":"https:\/\/fumoir-angoulins.fr\/index.php\/wp-json\/wp\/v2\/types\/product"}],"replies":[{"embeddable":true,"href":"https:\/\/fumoir-angoulins.fr\/index.php\/wp-json\/wp\/v2\/comments?post=1455"}],"wp:featuredmedia":[{"embeddable":true,"href":"https:\/\/fumoir-angoulins.fr\/index.php\/wp-json\/wp\/v2\/media\/1456"}],"wp:attachment":[{"href":"https:\/\/fumoir-angoulins.fr\/index.php\/wp-json\/wp\/v2\/media?parent=1455"}],"wp:term":[{"taxonomy":"product_brand","embeddable":true,"href":"https:\/\/fumoir-angoulins.fr\/index.php\/wp-json\/wp\/v2\/product_brand?post=1455"},{"taxonomy":"product_cat","embeddable":true,"href":"https:\/\/fumoir-angoulins.fr\/index.php\/wp-json\/wp\/v2\/product_cat?post=1455"},{"taxonomy":"product_tag","embeddable":true,"href":"https:\/\/fumoir-angoulins.fr\/index.php\/wp-json\/wp\/v2\/product_tag?post=1455"}],"curies":[{"name":"wp","href":"https:\/\/api.w.org\/{rel}","templated":true}]}}