{"id":1457,"date":"2025-11-25T17:12:46","date_gmt":"2025-11-25T16:12:46","guid":{"rendered":"https:\/\/fumoir-angoulins.fr\/?post_type=product&#038;p=1457"},"modified":"2025-11-25T17:17:56","modified_gmt":"2025-11-25T16:17:56","slug":"tisane-algues","status":"publish","type":"product","link":"https:\/\/fumoir-angoulins.fr\/index.php\/produit\/tisane-algues\/","title":{"rendered":"Tisane de de la mer"},"content":{"rendered":"<p>Cette tisane remin\u00e9ralisante est compos\u00e9e de v\u00e9g\u00e9taux que nous avons pr\u00e9lev\u00e9s dans notre environnement : verveine citronnelle et laitue de mer. Nous avons fait s\u00e9ch\u00e9 des zestes de citrons jaunes non-trait\u00e9s de l&rsquo;<i>Algarve<\/i><b><i>,<\/i><\/b>\u00a0Portugal.<\/p>\n<p>6 sachets pr\u00eat \u00e0 infuser 2 minutes dans l&rsquo;eau chaude<\/p>\n<p>A conserver \u00e0 l&rsquo;abri de la chaleur et de la lumi\u00e8re.<\/p>\n<p><img loading=\"lazy\" decoding=\"async\" class=\"alignnone wp-image-1452\" src=\"http:\/\/fumoir-angoulins.fr\/wp-content\/uploads\/2025\/11\/ALGUES-POINTE-CHAY-LOGO-noir.png\" alt=\"\" width=\"277\" height=\"172\" srcset=\"https:\/\/fumoir-angoulins.fr\/wp-content\/uploads\/2025\/11\/ALGUES-POINTE-CHAY-LOGO-noir.png 541w, https:\/\/fumoir-angoulins.fr\/wp-content\/uploads\/2025\/11\/ALGUES-POINTE-CHAY-LOGO-noir-300x186.png 300w\" sizes=\"auto, (max-width: 277px) 100vw, 277px\" \/><\/p>\n","protected":false},"excerpt":{"rendered":"<p>Cette tisane remin\u00e9ralisante est compos\u00e9e de v\u00e9g\u00e9taux que nous avons pr\u00e9lev\u00e9s dans notre environnement : verveine citronnelle et laitue de mer. Nous avons fait s\u00e9ch\u00e9 des zestes de citrons jaunes non-trait\u00e9s de l&rsquo;Algarve,\u00a0Portugal. 6 sachets pr\u00eat \u00e0 infuser 2 minutes dans l&rsquo;eau chaude A conserver \u00e0 l&rsquo;abri de la chaleur et de la lumi\u00e8re.<\/p>\n","protected":false},"featured_media":1458,"comment_status":"open","ping_status":"closed","template":"","meta":{"advanced_seo_description":"","jetpack_seo_html_title":"","jetpack_seo_noindex":false},"product_brand":[],"product_cat":[37],"product_tag":[],"class_list":{"0":"post-1457","1":"product","2":"type-product","3":"status-publish","4":"has-post-thumbnail","6":"product_cat-algues","8":"first","9":"instock","10":"taxable","11":"shipping-taxable","12":"purchasable","13":"product-type-simple"},"jetpack_sharing_enabled":true,"_links":{"self":[{"href":"https:\/\/fumoir-angoulins.fr\/index.php\/wp-json\/wp\/v2\/product\/1457","targetHints":{"allow":["GET"]}}],"collection":[{"href":"https:\/\/fumoir-angoulins.fr\/index.php\/wp-json\/wp\/v2\/product"}],"about":[{"href":"https:\/\/fumoir-angoulins.fr\/index.php\/wp-json\/wp\/v2\/types\/product"}],"replies":[{"embeddable":true,"href":"https:\/\/fumoir-angoulins.fr\/index.php\/wp-json\/wp\/v2\/comments?post=1457"}],"wp:featuredmedia":[{"embeddable":true,"href":"https:\/\/fumoir-angoulins.fr\/index.php\/wp-json\/wp\/v2\/media\/1458"}],"wp:attachment":[{"href":"https:\/\/fumoir-angoulins.fr\/index.php\/wp-json\/wp\/v2\/media?parent=1457"}],"wp:term":[{"taxonomy":"product_brand","embeddable":true,"href":"https:\/\/fumoir-angoulins.fr\/index.php\/wp-json\/wp\/v2\/product_brand?post=1457"},{"taxonomy":"product_cat","embeddable":true,"href":"https:\/\/fumoir-angoulins.fr\/index.php\/wp-json\/wp\/v2\/product_cat?post=1457"},{"taxonomy":"product_tag","embeddable":true,"href":"https:\/\/fumoir-angoulins.fr\/index.php\/wp-json\/wp\/v2\/product_tag?post=1457"}],"curies":[{"name":"wp","href":"https:\/\/api.w.org\/{rel}","templated":true}]}}