{"id":1460,"date":"2025-11-25T17:18:23","date_gmt":"2025-11-25T16:18:23","guid":{"rendered":"https:\/\/fumoir-angoulins.fr\/?post_type=product&#038;p=1460"},"modified":"2025-11-25T17:34:58","modified_gmt":"2025-11-25T16:34:58","slug":"algue-pioca","status":"publish","type":"product","link":"https:\/\/fumoir-angoulins.fr\/index.php\/produit\/algue-pioca\/","title":{"rendered":"Algue g\u00e9lifiante"},"content":{"rendered":"<p><em>Chondrus crispus<\/em>\u00a0r\u00e9colt\u00e9e \u00e0 La Pointe du Chay, soigneusement lav\u00e9e puis doucement s\u00e9ch\u00e9e.<\/p>\n<p>4 sachets alimentaires de 7g<\/p>\n<p>Outil culinaire pour faire \u00e9paissir par infusion dans des pr\u00e9parations chaudes ou froides, sal\u00e9 ou sucr\u00e9, go\u00fbt neutre<\/p>\n<p>A conserver \u00e0 l&rsquo;abri de la chaleur et de la lumi\u00e8re.<\/p>\n<p>&nbsp;<\/p>\n<h3>Id\u00e9e recette : Cr\u00eame \u201cprise\u201d au chocolat &#8211; 10 pots<\/h3>\n<blockquote><p>1L de lait entier frais, port\u00e9 \u00e0 petite \u00e9bullition avec le sachet de pioca pendant 15 minutes en m\u00e9langeant r\u00e9guli\u00e8rement. Verser la pr\u00e9paration sur 280g de chocolat, obtenir un appareil lisse et verser directement dans les petits pots. Laisser \u00e0 temp\u00e9rature ambiante jusqu&rsquo;\u00e0 refroidissement.<\/p><\/blockquote>\n<p><img loading=\"lazy\" decoding=\"async\" class=\"alignnone wp-image-1452\" src=\"http:\/\/fumoir-angoulins.fr\/wp-content\/uploads\/2025\/11\/ALGUES-POINTE-CHAY-LOGO-noir.png\" alt=\"\" width=\"277\" height=\"172\" srcset=\"https:\/\/fumoir-angoulins.fr\/wp-content\/uploads\/2025\/11\/ALGUES-POINTE-CHAY-LOGO-noir.png 541w, https:\/\/fumoir-angoulins.fr\/wp-content\/uploads\/2025\/11\/ALGUES-POINTE-CHAY-LOGO-noir-300x186.png 300w\" sizes=\"auto, (max-width: 277px) 100vw, 277px\" \/><\/p>\n","protected":false},"excerpt":{"rendered":"<p>Chondrus crispus\u00a0r\u00e9colt\u00e9e \u00e0 La Pointe du Chay, soigneusement lav\u00e9e puis doucement s\u00e9ch\u00e9e. 4 sachets alimentaires de 7g Outil culinaire pour faire \u00e9paissir par infusion dans des pr\u00e9parations chaudes ou froides, sal\u00e9 ou sucr\u00e9, go\u00fbt neutre A conserver \u00e0 l&rsquo;abri de la chaleur et de la lumi\u00e8re. &nbsp; Id\u00e9e recette : Cr\u00eame \u201cprise\u201d au chocolat &#8211; [&hellip;]<\/p>\n","protected":false},"featured_media":1461,"comment_status":"open","ping_status":"closed","template":"","meta":{"advanced_seo_description":"","jetpack_seo_html_title":"","jetpack_seo_noindex":false},"product_brand":[],"product_cat":[37],"product_tag":[],"class_list":{"0":"post-1460","1":"product","2":"type-product","3":"status-publish","4":"has-post-thumbnail","6":"product_cat-algues","8":"first","9":"instock","10":"taxable","11":"shipping-taxable","12":"purchasable","13":"product-type-simple"},"jetpack_sharing_enabled":true,"_links":{"self":[{"href":"https:\/\/fumoir-angoulins.fr\/index.php\/wp-json\/wp\/v2\/product\/1460","targetHints":{"allow":["GET"]}}],"collection":[{"href":"https:\/\/fumoir-angoulins.fr\/index.php\/wp-json\/wp\/v2\/product"}],"about":[{"href":"https:\/\/fumoir-angoulins.fr\/index.php\/wp-json\/wp\/v2\/types\/product"}],"replies":[{"embeddable":true,"href":"https:\/\/fumoir-angoulins.fr\/index.php\/wp-json\/wp\/v2\/comments?post=1460"}],"wp:featuredmedia":[{"embeddable":true,"href":"https:\/\/fumoir-angoulins.fr\/index.php\/wp-json\/wp\/v2\/media\/1461"}],"wp:attachment":[{"href":"https:\/\/fumoir-angoulins.fr\/index.php\/wp-json\/wp\/v2\/media?parent=1460"}],"wp:term":[{"taxonomy":"product_brand","embeddable":true,"href":"https:\/\/fumoir-angoulins.fr\/index.php\/wp-json\/wp\/v2\/product_brand?post=1460"},{"taxonomy":"product_cat","embeddable":true,"href":"https:\/\/fumoir-angoulins.fr\/index.php\/wp-json\/wp\/v2\/product_cat?post=1460"},{"taxonomy":"product_tag","embeddable":true,"href":"https:\/\/fumoir-angoulins.fr\/index.php\/wp-json\/wp\/v2\/product_tag?post=1460"}],"curies":[{"name":"wp","href":"https:\/\/api.w.org\/{rel}","templated":true}]}}