{"id":512,"date":"2024-01-19T15:02:29","date_gmt":"2024-01-19T14:02:29","guid":{"rendered":"http:\/\/fumoir-angoulins.fr\/?post_type=product&#038;p=512"},"modified":"2025-11-25T17:36:45","modified_gmt":"2025-11-25T16:36:45","slug":"pot-de-rillettes-de-saumon-fume-2","status":"publish","type":"product","link":"https:\/\/fumoir-angoulins.fr\/index.php\/produit\/pot-de-rillettes-de-saumon-fume-2\/","title":{"rendered":"Pot de rillettes de merlu fum\u00e9 \u00e0 la dulse"},"content":{"rendered":"<p>Rillettes de merlu fum\u00e9 fait maison. Pot de 120g<\/p>\n<p>Merlu fum\u00e9 du Fumoir, yaourt \u00e0 la grecque, dulse (algue rouge r\u00e9colt\u00e9e \u00e0 Angoulins), jus de citron jaune, nigelle et citron noir.<\/p>\n<p>DLC 20 jours. Semi-conserve. \u00c0 conserver entre 0 et 2\u00b0C<\/p>\n","protected":false},"excerpt":{"rendered":"<p>Rillettes de merlu fum\u00e9 fait maison. Pot de 120g Merlu fum\u00e9 du Fumoir, yaourt \u00e0 la grecque, dulse (algue rouge r\u00e9colt\u00e9e \u00e0 Angoulins), jus de citron jaune, nigelle et citron noir. DLC 20 jours. Semi-conserve. \u00c0 conserver entre 0 et 2\u00b0C<\/p>\n","protected":false},"featured_media":535,"comment_status":"closed","ping_status":"closed","template":"","meta":{"advanced_seo_description":"","jetpack_seo_html_title":"","jetpack_seo_noindex":false},"product_brand":[],"product_cat":[37,38],"product_tag":[],"class_list":{"0":"post-512","1":"product","2":"type-product","3":"status-publish","4":"has-post-thumbnail","6":"product_cat-algues","7":"product_cat-fumaison","9":"first","10":"instock","11":"taxable","12":"shipping-taxable","13":"purchasable","14":"product-type-simple"},"jetpack_sharing_enabled":true,"_links":{"self":[{"href":"https:\/\/fumoir-angoulins.fr\/index.php\/wp-json\/wp\/v2\/product\/512","targetHints":{"allow":["GET"]}}],"collection":[{"href":"https:\/\/fumoir-angoulins.fr\/index.php\/wp-json\/wp\/v2\/product"}],"about":[{"href":"https:\/\/fumoir-angoulins.fr\/index.php\/wp-json\/wp\/v2\/types\/product"}],"replies":[{"embeddable":true,"href":"https:\/\/fumoir-angoulins.fr\/index.php\/wp-json\/wp\/v2\/comments?post=512"}],"wp:featuredmedia":[{"embeddable":true,"href":"https:\/\/fumoir-angoulins.fr\/index.php\/wp-json\/wp\/v2\/media\/535"}],"wp:attachment":[{"href":"https:\/\/fumoir-angoulins.fr\/index.php\/wp-json\/wp\/v2\/media?parent=512"}],"wp:term":[{"taxonomy":"product_brand","embeddable":true,"href":"https:\/\/fumoir-angoulins.fr\/index.php\/wp-json\/wp\/v2\/product_brand?post=512"},{"taxonomy":"product_cat","embeddable":true,"href":"https:\/\/fumoir-angoulins.fr\/index.php\/wp-json\/wp\/v2\/product_cat?post=512"},{"taxonomy":"product_tag","embeddable":true,"href":"https:\/\/fumoir-angoulins.fr\/index.php\/wp-json\/wp\/v2\/product_tag?post=512"}],"curies":[{"name":"wp","href":"https:\/\/api.w.org\/{rel}","templated":true}]}}