{"id":907,"date":"2024-11-14T15:43:30","date_gmt":"2024-11-14T14:43:30","guid":{"rendered":"https:\/\/fumoir-angoulins.fr\/?post_type=product&#038;p=907"},"modified":"2025-11-28T16:30:32","modified_gmt":"2025-11-28T15:30:32","slug":"mulet-noir-fume-tranches-2-3","status":"publish","type":"product","link":"https:\/\/fumoir-angoulins.fr\/index.php\/produit\/mulet-noir-fume-tranches-2-3\/","title":{"rendered":"Thon rouge de ligne fum\u00e9 de La Cotini\u00e8re +\/- 150g"},"content":{"rendered":"<p>Le thon rouge fait son retour sur nos c\u00f4tes et ce loup des mers saura vous surprendre par sa douceur une fois fum\u00e9e.<\/p>\n<p>Sa chair de couleur rouge vif ressemble \u00e0 celle de la viande de b\u0153uf et ses qualit\u00e9s gustatives en font un des poissons les plus pris\u00e9s.<\/p>\n<p>Il est pr\u00eat \u00e0 manger sans la peau, sans arr\u00eate.<\/p>\n<p>Il ira tr\u00e8s bien sur les planches ap\u00e9ro, les salades et les bouillons.\ufffc<\/p>\n<p>\ufffcPrix au kilo : 90,50\u20ac. DLC 18 jours.<\/p>\n<p>Conditionnement sous-vide de +\/- 150g. \u00c0 conserver entre 0 et 2\u00b0C<\/p>\n<p>Pr\u00e9par\u00e9 \u00e0 la main. \ufffc<\/p>\n","protected":false},"excerpt":{"rendered":"<p>Le thon rouge fait son retour sur nos c\u00f4tes et ce loup des mers saura vous surprendre par sa douceur une fois fum\u00e9e. Sa chair de couleur rouge vif ressemble \u00e0 celle de la viande de b\u0153uf et ses qualit\u00e9s gustatives en font un des poissons les plus pris\u00e9s. Il est pr\u00eat \u00e0 manger sans [&hellip;]<\/p>\n","protected":false},"featured_media":967,"comment_status":"open","ping_status":"closed","template":"","meta":{"advanced_seo_description":"","jetpack_seo_html_title":"","jetpack_seo_noindex":false},"product_brand":[],"product_cat":[38],"product_tag":[],"class_list":{"0":"post-907","1":"product","2":"type-product","3":"status-publish","4":"has-post-thumbnail","6":"product_cat-fumaison","8":"first","9":"instock","10":"taxable","11":"shipping-taxable","12":"purchasable","13":"product-type-variable"},"jetpack_sharing_enabled":true,"_links":{"self":[{"href":"https:\/\/fumoir-angoulins.fr\/index.php\/wp-json\/wp\/v2\/product\/907","targetHints":{"allow":["GET"]}}],"collection":[{"href":"https:\/\/fumoir-angoulins.fr\/index.php\/wp-json\/wp\/v2\/product"}],"about":[{"href":"https:\/\/fumoir-angoulins.fr\/index.php\/wp-json\/wp\/v2\/types\/product"}],"replies":[{"embeddable":true,"href":"https:\/\/fumoir-angoulins.fr\/index.php\/wp-json\/wp\/v2\/comments?post=907"}],"wp:featuredmedia":[{"embeddable":true,"href":"https:\/\/fumoir-angoulins.fr\/index.php\/wp-json\/wp\/v2\/media\/967"}],"wp:attachment":[{"href":"https:\/\/fumoir-angoulins.fr\/index.php\/wp-json\/wp\/v2\/media?parent=907"}],"wp:term":[{"taxonomy":"product_brand","embeddable":true,"href":"https:\/\/fumoir-angoulins.fr\/index.php\/wp-json\/wp\/v2\/product_brand?post=907"},{"taxonomy":"product_cat","embeddable":true,"href":"https:\/\/fumoir-angoulins.fr\/index.php\/wp-json\/wp\/v2\/product_cat?post=907"},{"taxonomy":"product_tag","embeddable":true,"href":"https:\/\/fumoir-angoulins.fr\/index.php\/wp-json\/wp\/v2\/product_tag?post=907"}],"curies":[{"name":"wp","href":"https:\/\/api.w.org\/{rel}","templated":true}]}}