{"id":984,"date":"2024-11-21T13:39:43","date_gmt":"2024-11-21T12:39:43","guid":{"rendered":"http:\/\/fumoir-angoulins.fr\/index.php\/produit\/lieu-jaune-en-tranches-120g\/"},"modified":"2025-12-08T20:56:59","modified_gmt":"2025-12-08T19:56:59","slug":"lieu-jaune-en-tranches-120g","status":"publish","type":"product","link":"https:\/\/fumoir-angoulins.fr\/index.php\/produit\/lieu-jaune-en-tranches-120g\/","title":{"rendered":"Lieu jaune en tranches +\/- 120g"},"content":{"rendered":"<p>Ce poisson ultra local a une chaire bien serr\u00e9e et un g\u00f4ut d\u00e9licat. D\u00e9barque de La Rochelle, Chef de Baie<\/p>\n","protected":false},"excerpt":{"rendered":"<p>Ce poisson ultra local a une chaire bien serr\u00e9e et un g\u00f4ut d\u00e9licat. D\u00e9barque de La Rochelle, Chef de Baie<\/p>\n","protected":false},"featured_media":1395,"comment_status":"open","ping_status":"closed","template":"","meta":{"advanced_seo_description":"","jetpack_seo_html_title":"","jetpack_seo_noindex":false},"product_brand":[],"product_cat":[38],"product_tag":[],"class_list":{"0":"post-984","1":"product","2":"type-product","3":"status-publish","4":"has-post-thumbnail","6":"product_cat-fumaison","8":"first","9":"outofstock","10":"taxable","11":"shipping-taxable","12":"purchasable","13":"product-type-simple"},"jetpack_sharing_enabled":true,"_links":{"self":[{"href":"https:\/\/fumoir-angoulins.fr\/index.php\/wp-json\/wp\/v2\/product\/984","targetHints":{"allow":["GET"]}}],"collection":[{"href":"https:\/\/fumoir-angoulins.fr\/index.php\/wp-json\/wp\/v2\/product"}],"about":[{"href":"https:\/\/fumoir-angoulins.fr\/index.php\/wp-json\/wp\/v2\/types\/product"}],"replies":[{"embeddable":true,"href":"https:\/\/fumoir-angoulins.fr\/index.php\/wp-json\/wp\/v2\/comments?post=984"}],"wp:featuredmedia":[{"embeddable":true,"href":"https:\/\/fumoir-angoulins.fr\/index.php\/wp-json\/wp\/v2\/media\/1395"}],"wp:attachment":[{"href":"https:\/\/fumoir-angoulins.fr\/index.php\/wp-json\/wp\/v2\/media?parent=984"}],"wp:term":[{"taxonomy":"product_brand","embeddable":true,"href":"https:\/\/fumoir-angoulins.fr\/index.php\/wp-json\/wp\/v2\/product_brand?post=984"},{"taxonomy":"product_cat","embeddable":true,"href":"https:\/\/fumoir-angoulins.fr\/index.php\/wp-json\/wp\/v2\/product_cat?post=984"},{"taxonomy":"product_tag","embeddable":true,"href":"https:\/\/fumoir-angoulins.fr\/index.php\/wp-json\/wp\/v2\/product_tag?post=984"}],"curies":[{"name":"wp","href":"https:\/\/api.w.org\/{rel}","templated":true}]}}